135.181.180.59 - - [18/Nov/2022:12:38:54 -0800] "GET /update/url.php?url=https://www.phpmyadmin.net/&lang=en&token=8ca973420ea3220c4f698afd82aacdcc HTTP/1.1" 200 7540 "-" "Mozilla/5.0 (compatible; MJ12bot/v1.4.8; http://mj12bot.com/)" "www.markthreeownersclub.com"
65.108.124.153 - - [18/Nov/2022:12:38:55 -0800] "GET /update/setup/?version_check=1&token=c33870df0293b12c300bf34b89cebb2f HTTP/1.1" 200 12688 "-" "Mozilla/5.0 (compatible; MJ12bot/v1.4.8; http://mj12bot.com/)" "www.markthreeownersclub.com"
135.181.180.59 - - [18/Nov/2022:12:38:56 -0800] "GET /update/url.php?url=http://www.phpmyadmin.net/&lang=en&token=8ca973420ea3220c4f698afd82aacdcc HTTP/1.1" 200 7540 "-" "Mozilla/5.0 (compatible; MJ12bot/v1.4.8; http://mj12bot.com/)" "www.markthreeownersclub.com"
135.181.180.59 - - [18/Nov/2022:12:39:00 -0800] "GET /update/url.php?url=https://www.phpmyadmin.net/&lang=en&token=8cd03de2cd98e9ab70b1ce5c94e675bf HTTP/1.1" 200 7540 "-" "Mozilla/5.0 (compatible; MJ12bot/v1.4.8; http://mj12bot.com/)" "www.markthreeownersclub.com"
65.108.124.153 - - [18/Nov/2022:12:39:01 -0800] "GET /update/setup/?version_check=1&token=c3391564d33f2d025ba3a4373f113962 HTTP/1.1" 200 12688 "-" "Mozilla/5.0 (compatible; MJ12bot/v1.4.8; http://mj12bot.com/)" "www.markthreeownersclub.com"
135.181.180.59 - - [18/Nov/2022:12:39:02 -0800] "GET /update/url.php?url=http://www.phpmyadmin.net/&lang=en&token=8cd03de2cd98e9ab70b1ce5c94e675bf HTTP/1.1" 200 7540 "-" "Mozilla/5.0 (compatible; MJ12bot/v1.4.8; http://mj12bot.com/)" "www.markthreeownersclub.com"
65.108.124.153 - - [18/Nov/2022:12:39:05 -0800] "GET /update/setup/?version_check=1&token=c33a2e8874967163087d7961658abdcc HTTP/1.1" 200 12688 "-" "Mozilla/5.0 (compatible; MJ12bot/v1.4.8; http://mj12bot.com/)" "www.markthreeownersclub.com"
135.181.180.59 - - [18/Nov/2022:12:39:06 -0800] "GET /update/url.php?url=https://www.phpmyadmin.net/&lang=en&token=8cd2cad73699d96366f9e8e47a6d2cf3 HTTP/1.1" 200 7540 "-" "Mozilla/5.0 (compatible; MJ12bot/v1.4.8; http://mj12bot.com/)" "www.markthreeownersclub.com"
135.181.180.59 - - [18/Nov/2022:12:39:08 -0800] "GET /update/url.php?url=http://www.phpmyadmin.net/&lang=en&token=8cd2cad73699d96366f9e8e47a6d2cf3 HTTP/1.1" 200 7540 "-" "Mozilla/5.0 (compatible; MJ12bot/v1.4.8; http://mj12bot.com/)" "www.markthreeownersclub.com"
65.108.124.153 - - [18/Nov/2022:12:39:09 -0800] "GET /update/setup/?version_check=1&token=c33e020869e9ffa37c630a17f0cd75c2 HTTP/1.1" 200 12688 "-" "Mozilla/5.0 (compatible; MJ12bot/v1.4.8; http://mj12bot.com/)" "www.markthreeownersclub.com"
65.108.124.153 - - [18/Nov/2022:12:39:11 -0800] "GET /update/setup/?version_check=1&token=c37dee06c2b6589ce59bc4f1c2e7397b HTTP/1.1" 200 12688 "-" "Mozilla/5.0 (compatible; MJ12bot/v1.4.8; http://mj12bot.com/)" "www.markthreeownersclub.com"
135.181.180.59 - - [18/Nov/2022:12:39:13 -0800] "GET /update/url.php?url=https://www.phpmyadmin.net/&lang=en&token=8d927413da77aa92fb05a0e6582e9d2f HTTP/1.1" 200 7540 "-" "Mozilla/5.0 (compatible; MJ12bot/v1.4.8; http://mj12bot.com/)" "www.markthreeownersclub.com"
135.181.180.59 - - [18/Nov/2022:12:39:15 -0800] "GET /update/url.php?url=http://www.phpmyadmin.net/&lang=en&token=8d927413da77aa92fb05a0e6582e9d2f HTTP/1.1" 200 7540 "-" "Mozilla/5.0 (compatible; MJ12bot/v1.4.8; http://mj12bot.com/)" "www.markthreeownersclub.com"
65.108.124.153 - - [18/Nov/2022:12:39:15 -0800] "GET /update/setup/?version_check=1&token=c37e0012b6787707a6656ba733ab0a66 HTTP/1.1" 200 12688 "-" "Mozilla/5.0 (compatible; MJ12bot/v1.4.8; http://mj12bot.com/)" "www.markthreeownersclub.com"
65.108.124.153 - - [18/Nov/2022:12:39:19 -0800] "GET /update/setup/?version_check=1&token=c37e79975cb423824fa25a3ecc99bbe9 HTTP/1.1" 200 12688 "-" "Mozilla/5.0 (compatible; MJ12bot/v1.4.8; http://mj12bot.com/)" "www.markthreeownersclub.com"
135.181.180.59 - - [18/Nov/2022:12:39:19 -0800] "GET /update/url.php?url=https://www.phpmyadmin.net/&lang=en&token=8db6fa37158bd9e5c45afc60eec83d34 HTTP/1.1" 200 7540 "-" "Mozilla/5.0 (compatible; MJ12bot/v1.4.8; http://mj12bot.com/)" "www.markthreeownersclub.com"
135.181.180.59 - - [18/Nov/2022:12:39:22 -0800] "GET /update/url.php?url=http://www.phpmyadmin.net/&lang=en&token=8db6fa37158bd9e5c45afc60eec83d34 HTTP/1.1" 200 7540 "-" "Mozilla/5.0 (compatible; MJ12bot/v1.4.8; http://mj12bot.com/)" "www.markthreeownersclub.com"
65.108.124.153 - - [18/Nov/2022:12:39:24 -0800] "GET /update/setup/?version_check=1&token=c37f852d868b78143c84e39c475b152b HTTP/1.1" 200 12688 "-" "Mozilla/5.0 (compatible; MJ12bot/v1.4.8; http://mj12bot.com/)" "www.markthreeownersclub.com"
135.181.180.59 - - [18/Nov/2022:12:39:26 -0800] "GET /update/url.php?url=https://www.phpmyadmin.net/&lang=en&token=8dbfbc90b41286b797aca98afcde6f4a HTTP/1.1" 200 7540 "-" "Mozilla/5.0 (compatible; MJ12bot/v1.4.8; http://mj12bot.com/)" "www.markthreeownersclub.com"
135.181.180.59 - - [18/Nov/2022:12:39:28 -0800] "GET /update/url.php?url=http://www.phpmyadmin.net/&lang=en&token=8e49d3f1ef25ad13e5db26793a1a69ca HTTP/1.1" 200 7540 "-" "Mozilla/5.0 (compatible; MJ12bot/v1.4.8; http://mj12bot.com/)" "www.markthreeownersclub.com"
65.108.124.153 - - [18/Nov/2022:12:39:29 -0800] "GET /update/setup/?version_check=1&token=c385c0fb09ff346dabd2c9b5f573d66f HTTP/1.1" 200 12688 "-" "Mozilla/5.0 (compatible; MJ12bot/v1.4.8; http://mj12bot.com/)" "www.markthreeownersclub.com"
135.181.180.59 - - [18/Nov/2022:12:39:31 -0800] "GET /update/url.php?url=http://www.phpmyadmin.net/&lang=en&token=8e5fce29b85e5f96231dbb97749c4b1c HTTP/1.1" 200 7540 "-" "Mozilla/5.0 (compatible; MJ12bot/v1.4.8; http://mj12bot.com/)" "www.markthreeownersclub.com"
135.181.180.59 - - [18/Nov/2022:12:39:33 -0800] "GET /update/url.php?url=http://www.phpmyadmin.net/&lang=en&token=935b3c93d1238e962d48d1ea31c6cb9e HTTP/1.1" 200 7540 "-" "Mozilla/5.0 (compatible; MJ12bot/v1.4.8; http://mj12bot.com/)" "www.markthreeownersclub.com"
65.108.124.153 - - [18/Nov/2022:12:39:33 -0800] "GET /update/setup/?version_check=1&token=c387efde8f9f4f48e86bb4b8a6980ca0 HTTP/1.1" 200 12688 "-" "Mozilla/5.0 (compatible; MJ12bot/v1.4.8; http://mj12bot.com/)" "www.markthreeownersclub.com"
65.108.124.153 - - [18/Nov/2022:12:39:36 -0800] "GET /update/setup/?version_check=1&token=c3897fc123e7afb3c5a3c5546295da32 HTTP/1.1" 200 12688 "-" "Mozilla/5.0 (compatible; MJ12bot/v1.4.8; http://mj12bot.com/)" "www.markthreeownersclub.com"
135.181.180.59 - - [18/Nov/2022:12:39:37 -0800] "GET /update/url.php?url=https://www.phpmyadmin.net/&lang=en&token=939cb1aaf46b0892c76900b0a907f24d HTTP/1.1" 200 7540 "-" "Mozilla/5.0 (compatible; MJ12bot/v1.4.8; http://mj12bot.com/)" "www.markthreeownersclub.com"
135.181.180.59 - - [18/Nov/2022:12:39:39 -0800] "GET /update/url.php?url=http://www.phpmyadmin.net/&lang=en&token=939cb1aaf46b0892c76900b0a907f24d HTTP/1.1" 200 7540 "-" "Mozilla/5.0 (compatible; MJ12bot/v1.4.8; http://mj12bot.com/)" "www.markthreeownersclub.com"
65.108.124.153 - - [18/Nov/2022:12:39:39 -0800] "GET /update/setup/?version_check=1&token=c38bdffe8b2e0e724d90f11ff5ed3ca9 HTTP/1.1" 200 12688 "-" "Mozilla/5.0 (compatible; MJ12bot/v1.4.8; http://mj12bot.com/)" "www.markthreeownersclub.com"
135.181.180.59 - - [18/Nov/2022:12:39:41 -0800] "GET /update/url.php?url=http://www.phpmyadmin.net/&lang=en&token=e17d0c996aec721442650b6c28dcc3ef HTTP/1.1" 200 7540 "-" "Mozilla/5.0 (compatible; MJ12bot/v1.4.8; http://mj12bot.com/)" "www.markthreeownersclub.com"
65.108.124.153 - - [18/Nov/2022:12:39:42 -0800] "GET /update/setup/?version_check=1&token=c4da96df8fbed452ac9d18c8209839e3 HTTP/1.1" 200 12688 "-" "Mozilla/5.0 (compatible; MJ12bot/v1.4.8; http://mj12bot.com/)" "www.markthreeownersclub.com"
135.181.180.59 - - [18/Nov/2022:12:39:45 -0800] "GET /update/url.php?url=https://www.phpmyadmin.net/&lang=en&token=e1a63f613c2d3177938a1a3e599145ac HTTP/1.1" 200 7540 "-" "Mozilla/5.0 (compatible; MJ12bot/v1.4.8; http://mj12bot.com/)" "www.markthreeownersclub.com"
65.108.124.153 - - [18/Nov/2022:12:39:46 -0800] "GET /update/setup/?version_check=1&token=c4db182100782b99b3e649b744067f41 HTTP/1.1" 200 12688 "-" "Mozilla/5.0 (compatible; MJ12bot/v1.4.8; http://mj12bot.com/)" "www.markthreeownersclub.com"
135.181.180.59 - - [18/Nov/2022:12:39:48 -0800] "GET /update/url.php?url=http://www.phpmyadmin.net/&lang=en&token=e1a63f613c2d3177938a1a3e599145ac HTTP/1.1" 200 7540 "-" "Mozilla/5.0 (compatible; MJ12bot/v1.4.8; http://mj12bot.com/)" "www.markthreeownersclub.com"
65.108.124.153 - - [18/Nov/2022:12:39:50 -0800] "GET /update/setup/?version_check=1&token=c4e3c9d399c45f7cb5ffe8611dd6eb75 HTTP/1.1" 200 12688 "-" "Mozilla/5.0 (compatible; MJ12bot/v1.4.8; http://mj12bot.com/)" "www.markthreeownersclub.com"
135.181.180.59 - - [18/Nov/2022:12:39:52 -0800] "GET /update/url.php?url=https://www.phpmyadmin.net/&lang=en&token=e1c460ae196303f3f252e501a5d5bc0d HTTP/1.1" 200 7540 "-" "Mozilla/5.0 (compatible; MJ12bot/v1.4.8; http://mj12bot.com/)" "www.markthreeownersclub.com"
135.181.180.59 - - [18/Nov/2022:12:39:54 -0800] "GET /update/url.php?url=http://www.phpmyadmin.net/&lang=en&token=e1c460ae196303f3f252e501a5d5bc0d HTTP/1.1" 200 7540 "-" "Mozilla/5.0 (compatible; MJ12bot/v1.4.8; http://mj12bot.com/)" "www.markthreeownersclub.com"
65.108.124.153 - - [18/Nov/2022:12:39:55 -0800] "GET /update/setup/?version_check=1&token=c4e8d51dada2b399dc229801244908e2 HTTP/1.1" 200 12688 "-" "Mozilla/5.0 (compatible; MJ12bot/v1.4.8; http://mj12bot.com/)" "www.markthreeownersclub.com"
135.181.180.59 - - [18/Nov/2022:12:39:58 -0800] "GET /update/url.php?url=https://www.phpmyadmin.net/&lang=en&token=e1d95ac6eb6b0c3c89a7166a2c09aeb9 HTTP/1.1" 200 7540 "-" "Mozilla/5.0 (compatible; MJ12bot/v1.4.8; http://mj12bot.com/)" "www.markthreeownersclub.com"
65.108.124.153 - - [18/Nov/2022:12:39:59 -0800] "GET /update/setup/?version_check=1&token=c4ec6d77b5a3533c8979d4068e50e991 HTTP/1.1" 200 12688 "-" "Mozilla/5.0 (compatible; MJ12bot/v1.4.8; http://mj12bot.com/)" "www.markthreeownersclub.com"
135.181.180.59 - - [18/Nov/2022:12:40:01 -0800] "GET /update/url.php?url=http://www.phpmyadmin.net/&lang=en&token=e1d95ac6eb6b0c3c89a7166a2c09aeb9 HTTP/1.1" 200 7540 "-" "Mozilla/5.0 (compatible; MJ12bot/v1.4.8; http://mj12bot.com/)" "www.markthreeownersclub.com"
65.108.124.153 - - [18/Nov/2022:12:40:03 -0800] "GET /update/setup/?version_check=1&token=cd3579a277877da2ac497544bafdbf7b HTTP/1.1" 200 12688 "-" "Mozilla/5.0 (compatible; MJ12bot/v1.4.8; http://mj12bot.com/)" "www.markthreeownersclub.com"
65.108.124.153 - - [18/Nov/2022:12:40:08 -0800] "GET /update/setup/?version_check=1&token=cd3767c7b7a8fa03fc3cad60b42e186d HTTP/1.1" 200 12688 "-" "Mozilla/5.0 (compatible; MJ12bot/v1.4.8; http://mj12bot.com/)" "www.markthreeownersclub.com"
65.108.124.153 - - [18/Nov/2022:12:40:12 -0800] "GET /update/setup/?version_check=1&token=cdcfb1a5acb439c8604ae78c9e57634d HTTP/1.1" 200 12688 "-" "Mozilla/5.0 (compatible; MJ12bot/v1.4.8; http://mj12bot.com/)" "www.markthreeownersclub.com"
65.108.124.153 - - [18/Nov/2022:12:40:15 -0800] "GET /update/setup/?version_check=1&token=cdd0dae0def69aac258bbf52ee1c7426 HTTP/1.1" 200 12688 "-" "Mozilla/5.0 (compatible; MJ12bot/v1.4.8; http://mj12bot.com/)" "www.markthreeownersclub.com"
65.108.124.153 - - [18/Nov/2022:12:40:19 -0800] "GET /update/setup/?version_check=1&token=cdd526948cdb03715214e92e3eac14a5 HTTP/1.1" 200 12688 "-" "Mozilla/5.0 (compatible; MJ12bot/v1.4.8; http://mj12bot.com/)" "www.markthreeownersclub.com"
65.108.124.153 - - [18/Nov/2022:12:40:23 -0800] "GET /update/setup/?version_check=1&token=cdd763fabf22b791a995e58a3b4f555c HTTP/1.1" 200 12688 "-" "Mozilla/5.0 (compatible; MJ12bot/v1.4.8; http://mj12bot.com/)" "www.markthreeownersclub.com"
65.108.124.153 - - [18/Nov/2022:12:40:28 -0800] "GET /update/setup/?version_check=1&token=cddcdbe24190433d350f541c117a648b HTTP/1.1" 200 12688 "-" "Mozilla/5.0 (compatible; MJ12bot/v1.4.8; http://mj12bot.com/)" "www.markthreeownersclub.com"
65.108.124.153 - - [18/Nov/2022:12:40:32 -0800] "GET /update/setup/?version_check=1&token=cde23025bf3be7b3972136bcae867aa1 HTTP/1.1" 200 12688 "-" "Mozilla/5.0 (compatible; MJ12bot/v1.4.8; http://mj12bot.com/)" "www.markthreeownersclub.com"
65.108.124.153 - - [18/Nov/2022:12:40:37 -0800] "GET /update/setup/?version_check=1&token=cde46ca74ff4e9cd7f3e25691a752cd6 HTTP/1.1" 200 12688 "-" "Mozilla/5.0 (compatible; MJ12bot/v1.4.8; http://mj12bot.com/)" "www.markthreeownersclub.com"
65.108.124.153 - - [18/Nov/2022:12:40:41 -0800] "GET /update/setup/?version_check=1&token=ce7f82586141d8d0bb84cf1082c29df0 HTTP/1.1" 200 12688 "-" "Mozilla/5.0 (compatible; MJ12bot/v1.4.8; http://mj12bot.com/)" "www.markthreeownersclub.com"
65.108.124.153 - - [18/Nov/2022:12:40:45 -0800] "GET /update/setup/?version_check=1&token=ce833550bff23785f5450c489f6b0faa HTTP/1.1" 200 12688 "-" "Mozilla/5.0 (compatible; MJ12bot/v1.4.8; http://mj12bot.com/)" "www.markthreeownersclub.com"
65.108.124.153 - - [18/Nov/2022:12:40:50 -0800] "GET /update/setup/?version_check=1&token=ce96e9ce75c2bfcf758496de0432834c HTTP/1.1" 200 12688 "-" "Mozilla/5.0 (compatible; MJ12bot/v1.4.8; http://mj12bot.com/)" "www.markthreeownersclub.com"
65.108.124.153 - - [18/Nov/2022:12:40:54 -0800] "GET /update/setup/?version_check=1&token=cea60e7ce7b13afcdb0b9260b4cd7ee5 HTTP/1.1" 200 12688 "-" "Mozilla/5.0 (compatible; MJ12bot/v1.4.8; http://mj12bot.com/)" "www.markthreeownersclub.com"
65.108.124.153 - - [18/Nov/2022:12:40:58 -0800] "GET /update/setup/?version_check=1&token=cea9e934a305e200b209efa1eb3a8e3f HTTP/1.1" 200 12688 "-" "Mozilla/5.0 (compatible; MJ12bot/v1.4.8; http://mj12bot.com/)" "www.markthreeownersclub.com"
65.108.124.153 - - [18/Nov/2022:12:41:03 -0800] "GET /update/setup/?version_check=1&token=cec88737a638e1fa87c281b214cee4bd HTTP/1.1" 200 12688 "-" "Mozilla/5.0 (compatible; MJ12bot/v1.4.8; http://mj12bot.com/)" "www.markthreeownersclub.com"
65.108.124.153 - - [18/Nov/2022:12:41:05 -0800] "GET /update/setup/?version_check=1&token=cecab901eec34fa2ced6bc3cf7292f44 HTTP/1.1" 200 12688 "-" "Mozilla/5.0 (compatible; MJ12bot/v1.4.8; http://mj12bot.com/)" "www.markthreeownersclub.com"
65.108.124.153 - - [18/Nov/2022:12:41:09 -0800] "GET /update/setup/?version_check=1&token=ced098da8a3f80ad47c281546c3f550d HTTP/1.1" 200 12688 "-" "Mozilla/5.0 (compatible; MJ12bot/v1.4.8; http://mj12bot.com/)" "www.markthreeownersclub.com"
65.108.124.153 - - [18/Nov/2022:12:41:13 -0800] "GET /update/setup/?version_check=1&token=cee906ed54a7d00d095f486db3cbd98d HTTP/1.1" 200 12688 "-" "Mozilla/5.0 (compatible; MJ12bot/v1.4.8; http://mj12bot.com/)" "www.markthreeownersclub.com"
65.108.124.153 - - [18/Nov/2022:12:41:18 -0800] "GET /update/setup/?version_check=1&token=cf10fbf78950a6641781103e84e9bae1 HTTP/1.1" 200 12688 "-" "Mozilla/5.0 (compatible; MJ12bot/v1.4.8; http://mj12bot.com/)" "www.markthreeownersclub.com"
65.108.124.153 - - [18/Nov/2022:12:41:22 -0800] "GET /update/setup/?version_check=1&token=cf142ec5923c7474c820dffee5430e21 HTTP/1.1" 200 12688 "-" "Mozilla/5.0 (compatible; MJ12bot/v1.4.8; http://mj12bot.com/)" "www.markthreeownersclub.com"
65.108.124.153 - - [18/Nov/2022:12:41:25 -0800] "GET /update/setup/?version_check=1&token=cf1d8c913d26d052021d2269e143f491 HTTP/1.1" 200 12688 "-" "Mozilla/5.0 (compatible; MJ12bot/v1.4.8; http://mj12bot.com/)" "www.markthreeownersclub.com"
65.108.124.153 - - [18/Nov/2022:12:41:28 -0800] "GET /update/setup/?version_check=1&token=cf1e2c5e2eb282b9ac1ff491fc3aabf6 HTTP/1.1" 200 12688 "-" "Mozilla/5.0 (compatible; MJ12bot/v1.4.8; http://mj12bot.com/)" "www.markthreeownersclub.com"
65.108.124.153 - - [18/Nov/2022:12:41:32 -0800] "GET /update/setup/?version_check=1&token=cf5a6847b943b264028bd5bc72b3c99a HTTP/1.1" 200 12688 "-" "Mozilla/5.0 (compatible; MJ12bot/v1.4.8; http://mj12bot.com/)" "www.markthreeownersclub.com"
65.108.124.153 - - [18/Nov/2022:12:41:36 -0800] "GET /update/setup/?version_check=1&token=cf5a8155213be906687ed6033491700d HTTP/1.1" 200 12688 "-" "Mozilla/5.0 (compatible; MJ12bot/v1.4.8; http://mj12bot.com/)" "www.markthreeownersclub.com"
65.108.124.153 - - [18/Nov/2022:12:41:39 -0800] "GET /update/setup/?version_check=1&token=cf60fc57004ab477cc8b950929cadedf HTTP/1.1" 200 12688 "-" "Mozilla/5.0 (compatible; MJ12bot/v1.4.8; http://mj12bot.com/)" "www.markthreeownersclub.com"
65.108.124.153 - - [18/Nov/2022:12:41:43 -0800] "GET /update/setup/?version_check=1&token=cf692a4caa3b64b32b05c75cf9509280 HTTP/1.1" 200 12688 "-" "Mozilla/5.0 (compatible; MJ12bot/v1.4.8; http://mj12bot.com/)" "www.markthreeownersclub.com"
65.108.124.153 - - [18/Nov/2022:12:41:48 -0800] "GET /update/setup/?version_check=1&token=cf6b2e3cd33ab6a4c1c8304b61a92696 HTTP/1.1" 200 12688 "-" "Mozilla/5.0 (compatible; MJ12bot/v1.4.8; http://mj12bot.com/)" "www.markthreeownersclub.com"
65.108.124.153 - - [18/Nov/2022:12:41:51 -0800] "GET /update/setup/?version_check=1&token=cf81f8b024c0f521c4a407f743fad846 HTTP/1.1" 200 12688 "-" "Mozilla/5.0 (compatible; MJ12bot/v1.4.8; http://mj12bot.com/)" "www.markthreeownersclub.com"
65.108.124.153 - - [18/Nov/2022:12:41:54 -0800] "GET /update/setup/?version_check=1&token=cf852b78a8dabb3e7cdedf5d04cf7278 HTTP/1.1" 200 12688 "-" "Mozilla/5.0 (compatible; MJ12bot/v1.4.8; http://mj12bot.com/)" "www.markthreeownersclub.com"
65.108.124.153 - - [18/Nov/2022:12:41:58 -0800] "GET /update/setup/?version_check=1&token=cf864b82b71becf40929f6136fa94d60 HTTP/1.1" 200 12688 "-" "Mozilla/5.0 (compatible; MJ12bot/v1.4.8; http://mj12bot.com/)" "www.markthreeownersclub.com"
65.108.124.153 - - [18/Nov/2022:12:42:01 -0800] "GET /update/setup/?version_check=1&token=cfa6119d901591ad47d689126f68d540 HTTP/1.1" 200 12688 "-" "Mozilla/5.0 (compatible; MJ12bot/v1.4.8; http://mj12bot.com/)" "www.markthreeownersclub.com"
65.108.124.153 - - [18/Nov/2022:12:42:05 -0800] "GET /update/setup/?version_check=1&token=cfac8b69ea7404eb4fc5692f4af72f7f HTTP/1.1" 200 12688 "-" "Mozilla/5.0 (compatible; MJ12bot/v1.4.8; http://mj12bot.com/)" "www.markthreeownersclub.com"
65.108.124.153 - - [18/Nov/2022:12:42:08 -0800] "GET /update/setup/?version_check=1&token=cfb70f8b602010e22da0cc8cef6e8bff HTTP/1.1" 200 12688 "-" "Mozilla/5.0 (compatible; MJ12bot/v1.4.8; http://mj12bot.com/)" "www.markthreeownersclub.com"
114.119.136.92 - - [18/Nov/2022:12:42:09 -0800] "GET /BODY?C=M%3BO%3DA HTTP/1.1" 301 1430 "-" "Mozilla/5.0 (Linux; Android 7.0;) AppleWebKit/537.36 (KHTML, like Gecko) Mobile Safari/537.36 (compatible; PetalBot;+https://webmaster.petalsearch.com/site/petalbot)" "markthreeownersclub.com"
114.119.136.92 - - [18/Nov/2022:12:42:10 -0800] "GET /BODY/?C=M%3BO%3DA HTTP/1.1" 200 352 "-" "Mozilla/5.0 (Linux; Android 7.0;) AppleWebKit/537.36 (KHTML, like Gecko) Mobile Safari/537.36 (compatible; PetalBot;+https://webmaster.petalsearch.com/site/petalbot)" "markthreeownersclub.com"
65.108.124.153 - - [18/Nov/2022:12:42:12 -0800] "GET /update/setup/?version_check=1&token=cfbade87970abf723cdd60c6eee2ece0 HTTP/1.1" 200 12688 "-" "Mozilla/5.0 (compatible; MJ12bot/v1.4.8; http://mj12bot.com/)" "www.markthreeownersclub.com"
65.108.124.153 - - [18/Nov/2022:12:42:16 -0800] "GET /update/setup/?version_check=1&token=cfbbaa4fc5cb579623c8d87c858d4296 HTTP/1.1" 200 12688 "-" "Mozilla/5.0 (compatible; MJ12bot/v1.4.8; http://mj12bot.com/)" "www.markthreeownersclub.com"
65.108.124.153 - - [18/Nov/2022:12:42:19 -0800] "GET /update/setup/?version_check=1&token=cfc0d4094a40e386968a44884aed81b5 HTTP/1.1" 200 12688 "-" "Mozilla/5.0 (compatible; MJ12bot/v1.4.8; http://mj12bot.com/)" "www.markthreeownersclub.com"
65.108.124.153 - - [18/Nov/2022:12:42:22 -0800] "GET /update/setup/?version_check=1&token=cfc1c4cc3896df8b2c26aa2bd78f4426 HTTP/1.1" 200 12688 "-" "Mozilla/5.0 (compatible; MJ12bot/v1.4.8; http://mj12bot.com/)" "www.markthreeownersclub.com"
65.108.124.153 - - [18/Nov/2022:12:42:25 -0800] "GET /update/setup/?version_check=1&token=cfc1e5328a8e83bcaa776636a7115089 HTTP/1.1" 200 12688 "-" "Mozilla/5.0 (compatible; MJ12bot/v1.4.8; http://mj12bot.com/)" "www.markthreeownersclub.com"
65.108.124.153 - - [18/Nov/2022:12:42:28 -0800] "GET /update/setup/?version_check=1&token=cfc24c41d9f95399214853b78bfb3b4f HTTP/1.1" 200 12688 "-" "Mozilla/5.0 (compatible; MJ12bot/v1.4.8; http://mj12bot.com/)" "www.markthreeownersclub.com"
65.108.124.153 - - [18/Nov/2022:12:42:31 -0800] "GET /update/setup/?version_check=1&token=cfc2cae14b8b88ec045441f053111689 HTTP/1.1" 200 12688 "-" "Mozilla/5.0 (compatible; MJ12bot/v1.4.8; http://mj12bot.com/)" "www.markthreeownersclub.com"
65.108.124.153 - - [18/Nov/2022:12:42:35 -0800] "GET /update/setup/?version_check=1&token=cfc7010e5b60f943afef9bf90505479c HTTP/1.1" 200 12688 "-" "Mozilla/5.0 (compatible; MJ12bot/v1.4.8; http://mj12bot.com/)" "www.markthreeownersclub.com"
65.108.124.153 - - [18/Nov/2022:12:42:38 -0800] "GET /update/setup/?version_check=1&token=cfc82051a0c9862c54071960562c4f9f HTTP/1.1" 200 12688 "-" "Mozilla/5.0 (compatible; MJ12bot/v1.4.8; http://mj12bot.com/)" "www.markthreeownersclub.com"
65.108.124.153 - - [18/Nov/2022:12:42:41 -0800] "GET /update/setup/?version_check=1&token=cfca14287d3bda07e3f15c071f7c3730 HTTP/1.1" 200 12688 "-" "Mozilla/5.0 (compatible; MJ12bot/v1.4.8; http://mj12bot.com/)" "www.markthreeownersclub.com"
65.108.124.153 - - [18/Nov/2022:12:42:44 -0800] "GET /update/setup/?version_check=1&token=cfca80e90efc948ebd957e9f6c07cb09 HTTP/1.1" 200 12688 "-" "Mozilla/5.0 (compatible; MJ12bot/v1.4.8; http://mj12bot.com/)" "www.markthreeownersclub.com"
65.108.124.153 - - [18/Nov/2022:12:42:47 -0800] "GET /update/setup/?version_check=1&token=cfd5dbc61fe7a328e0218ceeefb2eaa9 HTTP/1.1" 200 12688 "-" "Mozilla/5.0 (compatible; MJ12bot/v1.4.8; http://mj12bot.com/)" "www.markthreeownersclub.com"
65.108.124.153 - - [18/Nov/2022:12:42:51 -0800] "GET /update/setup/?version_check=1&token=cfd87b7ed45356c98e11723a50d4b659 HTTP/1.1" 200 12688 "-" "Mozilla/5.0 (compatible; MJ12bot/v1.4.8; http://mj12bot.com/)" "www.markthreeownersclub.com"
65.108.124.153 - - [18/Nov/2022:12:42:54 -0800] "GET /update/setup/?version_check=1&token=cfd8e4a20b6e010e3b484c54a3c90852 HTTP/1.1" 200 12688 "-" "Mozilla/5.0 (compatible; MJ12bot/v1.4.8; http://mj12bot.com/)" "www.markthreeownersclub.com"
65.108.124.153 - - [18/Nov/2022:12:42:57 -0800] "GET /update/setup/?version_check=1&token=cfda214e16b9834769fe8db1330edd02 HTTP/1.1" 200 12688 "-" "Mozilla/5.0 (compatible; MJ12bot/v1.4.8; http://mj12bot.com/)" "www.markthreeownersclub.com"
65.108.124.153 - - [18/Nov/2022:12:43:01 -0800] "GET /update/setup/?version_check=1&token=cfdbcf18aac21226dffa01d225430b2a HTTP/1.1" 200 12688 "-" "Mozilla/5.0 (compatible; MJ12bot/v1.4.8; http://mj12bot.com/)" "www.markthreeownersclub.com"
65.108.124.153 - - [18/Nov/2022:12:43:04 -0800] "GET /update/setup/?version_check=1&token=cfdcd2fc83302cfaab0bdcb530f63f2f HTTP/1.1" 200 12688 "-" "Mozilla/5.0 (compatible; MJ12bot/v1.4.8; http://mj12bot.com/)" "www.markthreeownersclub.com"
65.108.124.153 - - [18/Nov/2022:12:43:06 -0800] "GET /update/setup/?version_check=1&token=cfe2e485fb43cfefd709f2c397383ef3 HTTP/1.1" 200 12688 "-" "Mozilla/5.0 (compatible; MJ12bot/v1.4.8; http://mj12bot.com/)" "www.markthreeownersclub.com"
65.108.124.153 - - [18/Nov/2022:12:43:10 -0800] "GET /update/setup/?version_check=1&token=cfe73f0657bc4f45dbbdbd6417b2c0f7 HTTP/1.1" 200 12688 "-" "Mozilla/5.0 (compatible; MJ12bot/v1.4.8; http://mj12bot.com/)" "www.markthreeownersclub.com"
65.108.124.153 - - [18/Nov/2022:12:43:14 -0800] "GET /update/setup/?version_check=1&token=cfe7dd3ca5f4d085fcf4dda00828ac1b HTTP/1.1" 200 12688 "-" "Mozilla/5.0 (compatible; MJ12bot/v1.4.8; http://mj12bot.com/)" "www.markthreeownersclub.com"
65.108.124.153 - - [18/Nov/2022:12:43:17 -0800] "GET /update/setup/?version_check=1&token=cfe8a635e5ce4154568dee0fe2a499c4 HTTP/1.1" 200 12688 "-" "Mozilla/5.0 (compatible; MJ12bot/v1.4.8; http://mj12bot.com/)" "www.markthreeownersclub.com"
65.108.124.153 - - [18/Nov/2022:12:43:21 -0800] "GET /update/setup/?version_check=1&token=cfed0d4f09cbf858957412a2ebabf520 HTTP/1.1" 200 12688 "-" "Mozilla/5.0 (compatible; MJ12bot/v1.4.8; http://mj12bot.com/)" "www.markthreeownersclub.com"
65.108.124.153 - - [18/Nov/2022:12:43:24 -0800] "GET /update/setup/?version_check=1&token=cfed42d0ed70387fc87230dce48b6ba1 HTTP/1.1" 200 12688 "-" "Mozilla/5.0 (compatible; MJ12bot/v1.4.8; http://mj12bot.com/)" "www.markthreeownersclub.com"
65.108.124.153 - - [18/Nov/2022:12:43:27 -0800] "GET /update/setup/?version_check=1&token=cfef160b1372ce1c3cf4f0f9fd527591 HTTP/1.1" 200 12688 "-" "Mozilla/5.0 (compatible; MJ12bot/v1.4.8; http://mj12bot.com/)" "www.markthreeownersclub.com"
65.108.124.153 - - [18/Nov/2022:12:43:30 -0800] "GET /update/setup/?version_check=1&token=cff01969dacf771df0a9987ec9b9258c HTTP/1.1" 200 12688 "-" "Mozilla/5.0 (compatible; MJ12bot/v1.4.8; http://mj12bot.com/)" "www.markthreeownersclub.com"
65.108.124.153 - - [18/Nov/2022:12:43:33 -0800] "GET /update/setup/?version_check=1&token=d00cd4c84d2d0d2b55cae8e005b00e5a HTTP/1.1" 200 12688 "-" "Mozilla/5.0 (compatible; MJ12bot/v1.4.8; http://mj12bot.com/)" "www.markthreeownersclub.com"
65.108.124.153 - - [18/Nov/2022:12:43:38 -0800] "GET /update/setup/?version_check=1&token=d04ff1c4e77e2fc54c5ac0dffc59aac6 HTTP/1.1" 200 12688 "-" "Mozilla/5.0 (compatible; MJ12bot/v1.4.8; http://mj12bot.com/)" "www.markthreeownersclub.com"
65.108.124.153 - - [18/Nov/2022:12:43:41 -0800] "GET /update/setup/?version_check=1&token=d056e16bd5c4338e1c8d8f63c4507975 HTTP/1.1" 200 12688 "-" "Mozilla/5.0 (compatible; MJ12bot/v1.4.8; http://mj12bot.com/)" "www.markthreeownersclub.com"
65.108.124.153 - - [18/Nov/2022:12:43:47 -0800] "GET /update/setup/?version_check=1&token=d05992c9b867fa1fdc43c96ca0608793 HTTP/1.1" 200 12688 "-" "Mozilla/5.0 (compatible; MJ12bot/v1.4.8; http://mj12bot.com/)" "www.markthreeownersclub.com"
65.108.124.153 - - [18/Nov/2022:12:43:49 -0800] "GET /update/setup/?version_check=1&token=d061849feb01d0c8d0c367f4be8e4072 HTTP/1.1" 200 12688 "-" "Mozilla/5.0 (compatible; MJ12bot/v1.4.8; http://mj12bot.com/)" "www.markthreeownersclub.com"
65.108.124.153 - - [18/Nov/2022:12:43:53 -0800] "GET /update/setup/?version_check=1&token=d066f8e06fa1cf89f7bcedcb32d02fa6 HTTP/1.1" 200 12688 "-" "Mozilla/5.0 (compatible; MJ12bot/v1.4.8; http://mj12bot.com/)" "www.markthreeownersclub.com"
65.108.124.153 - - [18/Nov/2022:12:43:56 -0800] "GET /update/setup/?version_check=1&token=d06b390698e193a079f46a99117a1fd4 HTTP/1.1" 200 12688 "-" "Mozilla/5.0 (compatible; MJ12bot/v1.4.8; http://mj12bot.com/)" "www.markthreeownersclub.com"
65.108.124.153 - - [18/Nov/2022:12:44:01 -0800] "GET /update/setup/?version_check=1&token=d06cd872961ea4fa0e690c4560d97ec8 HTTP/1.1" 200 12688 "-" "Mozilla/5.0 (compatible; MJ12bot/v1.4.8; http://mj12bot.com/)" "www.markthreeownersclub.com"
65.108.124.153 - - [18/Nov/2022:12:44:05 -0800] "GET /update/setup/?version_check=1&token=d07c063c7cf7d82541c97d24cdfb80f2 HTTP/1.1" 200 12688 "-" "Mozilla/5.0 (compatible; MJ12bot/v1.4.8; http://mj12bot.com/)" "www.markthreeownersclub.com"
65.108.124.153 - - [18/Nov/2022:12:44:10 -0800] "GET /update/setup/?version_check=1&token=d080e70d368bc75843359b64320b1a40 HTTP/1.1" 200 12688 "-" "Mozilla/5.0 (compatible; MJ12bot/v1.4.8; http://mj12bot.com/)" "www.markthreeownersclub.com"
65.108.124.153 - - [18/Nov/2022:12:44:15 -0800] "GET /update/setup/?version_check=1&token=d080ecd35df35b98cb182313fed093fb HTTP/1.1" 200 12688 "-" "Mozilla/5.0 (compatible; MJ12bot/v1.4.8; http://mj12bot.com/)" "www.markthreeownersclub.com"
65.108.124.153 - - [18/Nov/2022:12:44:19 -0800] "GET /update/setup/?version_check=1&token=d083364441f05203a0b3f1bbcd451acd HTTP/1.1" 200 12688 "-" "Mozilla/5.0 (compatible; MJ12bot/v1.4.8; http://mj12bot.com/)" "www.markthreeownersclub.com"
65.108.124.153 - - [18/Nov/2022:12:44:23 -0800] "GET /update/setup/?version_check=1&token=d091361bfd7d772d57f3ced74dab7641 HTTP/1.1" 200 12688 "-" "Mozilla/5.0 (compatible; MJ12bot/v1.4.8; http://mj12bot.com/)" "www.markthreeownersclub.com"
65.108.124.153 - - [18/Nov/2022:12:44:28 -0800] "GET /update/setup/?version_check=1&token=d09dba38ed1e284c6972ab78334017ab HTTP/1.1" 200 12688 "-" "Mozilla/5.0 (compatible; MJ12bot/v1.4.8; http://mj12bot.com/)" "www.markthreeownersclub.com"
65.108.124.153 - - [18/Nov/2022:12:44:30 -0800] "GET /update/setup/?version_check=1&token=d0a107d84b6cd4e46f87e732ed04f1ea HTTP/1.1" 200 12688 "-" "Mozilla/5.0 (compatible; MJ12bot/v1.4.8; http://mj12bot.com/)" "www.markthreeownersclub.com"
65.108.124.153 - - [18/Nov/2022:12:44:34 -0800] "GET /update/setup/?version_check=1&token=d0a158af246066367d0535eed00ca1c0 HTTP/1.1" 200 12688 "-" "Mozilla/5.0 (compatible; MJ12bot/v1.4.8; http://mj12bot.com/)" "www.markthreeownersclub.com"
65.108.124.153 - - [18/Nov/2022:12:44:38 -0800] "GET /update/setup/?version_check=1&token=d0ab8cf945688064889c39b396f4f2e9 HTTP/1.1" 200 12688 "-" "Mozilla/5.0 (compatible; MJ12bot/v1.4.8; http://mj12bot.com/)" "www.markthreeownersclub.com"
65.108.124.153 - - [18/Nov/2022:12:44:41 -0800] "GET /update/setup/?version_check=1&token=d0b7c0bcda13858885529f2ceaf50b46 HTTP/1.1" 200 12688 "-" "Mozilla/5.0 (compatible; MJ12bot/v1.4.8; http://mj12bot.com/)" "www.markthreeownersclub.com"
65.108.124.153 - - [18/Nov/2022:12:44:44 -0800] "GET /update/setup/?version_check=1&token=d0ba01bd7bff3f5fe129c0fa0537ac10 HTTP/1.1" 200 12688 "-" "Mozilla/5.0 (compatible; MJ12bot/v1.4.8; http://mj12bot.com/)" "www.markthreeownersclub.com"
65.108.124.153 - - [18/Nov/2022:12:44:47 -0800] "GET /update/setup/?version_check=1&token=d0d57310eb9e079772e26681164a63a2 HTTP/1.1" 200 12688 "-" "Mozilla/5.0 (compatible; MJ12bot/v1.4.8; http://mj12bot.com/)" "www.markthreeownersclub.com"
207.46.13.111 - - [18/Nov/2022:12:44:48 -0800] "GET / HTTP/1.1" 200 96 "-" "Mozilla/5.0 (compatible; bingbot/2.0; +http://www.bing.com/bingbot.htm)" "www.markthreeownersclub.com"
65.108.124.153 - - [18/Nov/2022:12:44:50 -0800] "GET /update/setup/?version_check=1&token=d0ddc08478b670be43e1322f3c15a541 HTTP/1.1" 200 12688 "-" "Mozilla/5.0 (compatible; MJ12bot/v1.4.8; http://mj12bot.com/)" "www.markthreeownersclub.com"
65.108.124.153 - - [18/Nov/2022:12:44:53 -0800] "GET /update/setup/?version_check=1&token=d0dece2684d547393f32f5c2256497ac HTTP/1.1" 200 12688 "-" "Mozilla/5.0 (compatible; MJ12bot/v1.4.8; http://mj12bot.com/)" "www.markthreeownersclub.com"
65.108.124.153 - - [18/Nov/2022:12:44:56 -0800] "GET /update/setup/?version_check=1&token=d0deddc68eec1546a50f16666507a1f9 HTTP/1.1" 200 12688 "-" "Mozilla/5.0 (compatible; MJ12bot/v1.4.8; http://mj12bot.com/)" "www.markthreeownersclub.com"
65.108.124.153 - - [18/Nov/2022:12:44:59 -0800] "GET /update/setup/?version_check=1&token=d0e07c28ef3b50696563b4bf694bc27e HTTP/1.1" 200 12688 "-" "Mozilla/5.0 (compatible; MJ12bot/v1.4.8; http://mj12bot.com/)" "www.markthreeownersclub.com"
65.108.124.153 - - [18/Nov/2022:12:45:03 -0800] "GET /update/setup/?version_check=1&token=d0e08698c1c26fd00fe276ecd16582a9 HTTP/1.1" 200 12688 "-" "Mozilla/5.0 (compatible; MJ12bot/v1.4.8; http://mj12bot.com/)" "www.markthreeownersclub.com"
65.108.124.153 - - [18/Nov/2022:12:45:05 -0800] "GET /update/setup/?version_check=1&token=d0e411c46b9d7dc691706ad5f208cfe5 HTTP/1.1" 200 12688 "-" "Mozilla/5.0 (compatible; MJ12bot/v1.4.8; http://mj12bot.com/)" "www.markthreeownersclub.com"
65.108.124.153 - - [18/Nov/2022:12:45:09 -0800] "GET /update/setup/?version_check=1&token=d0e61273f546de755021a55469624874 HTTP/1.1" 200 12688 "-" "Mozilla/5.0 (compatible; MJ12bot/v1.4.8; http://mj12bot.com/)" "www.markthreeownersclub.com"
65.108.124.153 - - [18/Nov/2022:12:45:13 -0800] "GET /update/setup/?version_check=1&token=d13a13a2fa62f0577aab67216f44ebea HTTP/1.1" 200 12688 "-" "Mozilla/5.0 (compatible; MJ12bot/v1.4.8; http://mj12bot.com/)" "www.markthreeownersclub.com"
65.108.124.153 - - [18/Nov/2022:12:45:16 -0800] "GET /update/setup/?version_check=1&token=d1404b3a2df3734ce5acdf47a5c7501c HTTP/1.1" 200 12688 "-" "Mozilla/5.0 (compatible; MJ12bot/v1.4.8; http://mj12bot.com/)" "www.markthreeownersclub.com"
65.108.124.153 - - [18/Nov/2022:12:45:19 -0800] "GET /update/setup/?version_check=1&token=d141144e9f41c4e45af746260f0f8e33 HTTP/1.1" 200 12688 "-" "Mozilla/5.0 (compatible; MJ12bot/v1.4.8; http://mj12bot.com/)" "www.markthreeownersclub.com"
65.108.124.153 - - [18/Nov/2022:12:45:22 -0800] "GET /update/setup/?version_check=1&token=d14953b03cf6cc710bcd9258184cb9df HTTP/1.1" 200 12688 "-" "Mozilla/5.0 (compatible; MJ12bot/v1.4.8; http://mj12bot.com/)" "www.markthreeownersclub.com"
65.108.124.153 - - [18/Nov/2022:12:45:25 -0800] "GET /update/setup/?version_check=1&token=d14dc685eb8f6c0021201bfc6e3cd7d5 HTTP/1.1" 200 12688 "-" "Mozilla/5.0 (compatible; MJ12bot/v1.4.8; http://mj12bot.com/)" "www.markthreeownersclub.com"
65.108.124.153 - - [18/Nov/2022:12:45:28 -0800] "GET /update/setup/?version_check=1&token=d18cddf9d4fa8db3c7d9c24a401974db HTTP/1.1" 200 12688 "-" "Mozilla/5.0 (compatible; MJ12bot/v1.4.8; http://mj12bot.com/)" "www.markthreeownersclub.com"
65.108.124.153 - - [18/Nov/2022:12:45:31 -0800] "GET /update/setup/?version_check=1&token=d1a2699509449e57374d802c71ded48b HTTP/1.1" 200 12688 "-" "Mozilla/5.0 (compatible; MJ12bot/v1.4.8; http://mj12bot.com/)" "www.markthreeownersclub.com"
65.108.124.153 - - [18/Nov/2022:12:45:34 -0800] "GET /update/setup/?version_check=1&token=d1a434fc6bf26c8e6f0ee15a77cb50af HTTP/1.1" 200 12688 "-" "Mozilla/5.0 (compatible; MJ12bot/v1.4.8; http://mj12bot.com/)" "www.markthreeownersclub.com"
65.108.124.153 - - [18/Nov/2022:12:45:37 -0800] "GET /update/setup/?version_check=1&token=d1a569931fc1e81811b6266fb7b65eea HTTP/1.1" 200 12688 "-" "Mozilla/5.0 (compatible; MJ12bot/v1.4.8; http://mj12bot.com/)" "www.markthreeownersclub.com"
65.108.124.153 - - [18/Nov/2022:12:45:41 -0800] "GET /update/setup/?version_check=1&token=d1a61fb648009866e6a8e7b0ad424869 HTTP/1.1" 200 12688 "-" "Mozilla/5.0 (compatible; MJ12bot/v1.4.8; http://mj12bot.com/)" "www.markthreeownersclub.com"
65.108.124.153 - - [18/Nov/2022:12:45:45 -0800] "GET /update/setup/?version_check=1&token=d1a663e5c6b892963d46acad33deb219 HTTP/1.1" 200 12688 "-" "Mozilla/5.0 (compatible; MJ12bot/v1.4.8; http://mj12bot.com/)" "www.markthreeownersclub.com"
65.108.124.153 - - [18/Nov/2022:12:45:48 -0800] "GET /update/setup/?version_check=1&token=d1a97c1d14e3837b82ec76f974865625 HTTP/1.1" 200 12688 "-" "Mozilla/5.0 (compatible; MJ12bot/v1.4.8; http://mj12bot.com/)" "www.markthreeownersclub.com"
65.108.124.153 - - [18/Nov/2022:12:45:50 -0800] "GET /update/setup/?version_check=1&token=d1aa83ea46b63261386bc42659ee2408 HTTP/1.1" 200 12688 "-" "Mozilla/5.0 (compatible; MJ12bot/v1.4.8; http://mj12bot.com/)" "www.markthreeownersclub.com"
65.108.124.153 - - [18/Nov/2022:12:45:53 -0800] "GET /update/setup/?version_check=1&token=d1b370df6d4a00e9fcc95ebfea205c01 HTTP/1.1" 200 12688 "-" "Mozilla/5.0 (compatible; MJ12bot/v1.4.8; http://mj12bot.com/)" "www.markthreeownersclub.com"
65.108.124.153 - - [18/Nov/2022:12:45:55 -0800] "GET /update/setup/?version_check=1&token=d1e78ed8d304e54614c455c1c4860bb9 HTTP/1.1" 200 12688 "-" "Mozilla/5.0 (compatible; MJ12bot/v1.4.8; http://mj12bot.com/)" "www.markthreeownersclub.com"
65.108.124.153 - - [18/Nov/2022:12:45:58 -0800] "GET /update/setup/?version_check=1&token=d1fc93774e89ffa3e2e834103f93710b HTTP/1.1" 200 12688 "-" "Mozilla/5.0 (compatible; MJ12bot/v1.4.8; http://mj12bot.com/)" "www.markthreeownersclub.com"
65.108.124.153 - - [18/Nov/2022:12:46:01 -0800] "GET /update/setup/?version_check=1&token=d216c6168c76f0d7169b7e7f814ecaea HTTP/1.1" 200 12688 "-" "Mozilla/5.0 (compatible; MJ12bot/v1.4.8; http://mj12bot.com/)" "www.markthreeownersclub.com"
65.108.124.153 - - [18/Nov/2022:12:46:06 -0800] "GET /update/setup/?version_check=1&token=d256266a40d2c81004b734924cfbd6ef HTTP/1.1" 200 12688 "-" "Mozilla/5.0 (compatible; MJ12bot/v1.4.8; http://mj12bot.com/)" "www.markthreeownersclub.com"
65.108.124.153 - - [18/Nov/2022:12:46:10 -0800] "GET /update/setup/?version_check=1&token=d29dc4b9944a0d89e66165271f640da0 HTTP/1.1" 200 12688 "-" "Mozilla/5.0 (compatible; MJ12bot/v1.4.8; http://mj12bot.com/)" "www.markthreeownersclub.com"
65.108.124.153 - - [18/Nov/2022:12:46:13 -0800] "GET /update/setup/?version_check=1&token=d2a178e54dd08bb0111a2357aebd35d8 HTTP/1.1" 200 12688 "-" "Mozilla/5.0 (compatible; MJ12bot/v1.4.8; http://mj12bot.com/)" "www.markthreeownersclub.com"
65.108.124.153 - - [18/Nov/2022:12:46:16 -0800] "GET /update/setup/?version_check=1&token=da64cfdae64bd242c4eaf2b591092cc1 HTTP/1.1" 200 12688 "-" "Mozilla/5.0 (compatible; MJ12bot/v1.4.8; http://mj12bot.com/)" "www.markthreeownersclub.com"
65.108.124.153 - - [18/Nov/2022:12:46:18 -0800] "GET /update/setup/?version_check=1&token=da697a9f66d722fa25bfd16942456aaa HTTP/1.1" 200 12688 "-" "Mozilla/5.0 (compatible; MJ12bot/v1.4.8; http://mj12bot.com/)" "www.markthreeownersclub.com"
65.108.124.153 - - [18/Nov/2022:12:46:21 -0800] "GET /update/setup/?version_check=1&token=e587cb60f8120a4350e3cdcd58452c19 HTTP/1.1" 200 12688 "-" "Mozilla/5.0 (compatible; MJ12bot/v1.4.8; http://mj12bot.com/)" "www.markthreeownersclub.com"
65.108.124.153 - - [18/Nov/2022:12:46:23 -0800] "GET /update/setup/?version_check=1&token=e773fa5aaafe286756d21240160d1dae HTTP/1.1" 200 12688 "-" "Mozilla/5.0 (compatible; MJ12bot/v1.4.8; http://mj12bot.com/)" "www.markthreeownersclub.com"
65.108.124.153 - - [18/Nov/2022:12:46:26 -0800] "GET /update/setup/?version_check=1&token=e791df01383b6ab93bb430ea2fed1ef5 HTTP/1.1" 200 12688 "-" "Mozilla/5.0 (compatible; MJ12bot/v1.4.8; http://mj12bot.com/)" "www.markthreeownersclub.com"
65.108.124.153 - - [18/Nov/2022:12:46:29 -0800] "GET /update/setup/?version_check=1&token=e886d8166c62c88ca87b045088c01fce HTTP/1.1" 200 12688 "-" "Mozilla/5.0 (compatible; MJ12bot/v1.4.8; http://mj12bot.com/)" "www.markthreeownersclub.com"
65.108.124.153 - - [18/Nov/2022:12:46:32 -0800] "GET /update/setup/?version_check=1&token=e89f64cc527c386378947ae007367ade HTTP/1.1" 200 12688 "-" "Mozilla/5.0 (compatible; MJ12bot/v1.4.8; http://mj12bot.com/)" "www.markthreeownersclub.com"
65.108.124.153 - - [18/Nov/2022:12:46:35 -0800] "GET /update/setup/?version_check=1&token=e8a6a90377344d147cbcf5d2b9ec6529 HTTP/1.1" 200 12688 "-" "Mozilla/5.0 (compatible; MJ12bot/v1.4.8; http://mj12bot.com/)" "www.markthreeownersclub.com"
65.108.124.153 - - [18/Nov/2022:12:46:38 -0800] "GET /update/setup/?version_check=1&token=e9838e20086981ffd36295b87e4aa5b9 HTTP/1.1" 200 12688 "-" "Mozilla/5.0 (compatible; MJ12bot/v1.4.8; http://mj12bot.com/)" "www.markthreeownersclub.com"
65.108.124.153 - - [18/Nov/2022:12:46:40 -0800] "GET /update/setup/?version_check=1&token=e984b6d5fe36f51dda245050ce538625 HTTP/1.1" 200 12688 "-" "Mozilla/5.0 (compatible; MJ12bot/v1.4.8; http://mj12bot.com/)" "www.markthreeownersclub.com"
65.108.124.153 - - [18/Nov/2022:12:46:43 -0800] "GET /update/setup/?version_check=1&token=e98629e4025df72754517845825ff012 HTTP/1.1" 200 12688 "-" "Mozilla/5.0 (compatible; MJ12bot/v1.4.8; http://mj12bot.com/)" "www.markthreeownersclub.com"
65.108.124.153 - - [18/Nov/2022:12:46:46 -0800] "GET /update/setup/?version_check=1&token=e98bd2bb914f770b146f826f78a2354b HTTP/1.1" 200 12688 "-" "Mozilla/5.0 (compatible; MJ12bot/v1.4.8; http://mj12bot.com/)" "www.markthreeownersclub.com"
65.108.124.153 - - [18/Nov/2022:12:46:50 -0800] "GET /update/setup/?version_check=1&token=ebaf8960694a38f594110ca67c92117e HTTP/1.1" 200 12688 "-" "Mozilla/5.0 (compatible; MJ12bot/v1.4.8; http://mj12bot.com/)" "www.markthreeownersclub.com"
65.108.124.153 - - [18/Nov/2022:12:46:53 -0800] "GET /update/setup/?version_check=1&token=eca1d66a055002c847bfca7b1c389403 HTTP/1.1" 200 12688 "-" "Mozilla/5.0 (compatible; MJ12bot/v1.4.8; http://mj12bot.com/)" "www.markthreeownersclub.com"
65.108.124.153 - - [18/Nov/2022:12:46:56 -0800] "GET /update/setup/?version_check=1&token=ecc897c9ef589450ed5bb415cc7410cc HTTP/1.1" 200 12688 "-" "Mozilla/5.0 (compatible; MJ12bot/v1.4.8; http://mj12bot.com/)" "www.markthreeownersclub.com"
65.108.124.153 - - [18/Nov/2022:12:46:59 -0800] "GET /update/setup/?version_check=1&token=ed7c03ee4e6ebd1dc205a534ea964975 HTTP/1.1" 200 12688 "-" "Mozilla/5.0 (compatible; MJ12bot/v1.4.8; http://mj12bot.com/)" "www.markthreeownersclub.com"
65.108.124.153 - - [18/Nov/2022:12:47:01 -0800] "GET /update/setup/?version_check=1&token=edd57b89222974d26ef77f1c2cbe6375 HTTP/1.1" 200 12688 "-" "Mozilla/5.0 (compatible; MJ12bot/v1.4.8; http://mj12bot.com/)" "www.markthreeownersclub.com"
65.108.124.153 - - [18/Nov/2022:12:47:03 -0800] "GET /update/setup/?version_check=1&token=ef2528aa92b1ee33eb3116e3672f3ce7 HTTP/1.1" 200 12688 "-" "Mozilla/5.0 (compatible; MJ12bot/v1.4.8; http://mj12bot.com/)" "www.markthreeownersclub.com"
65.108.124.153 - - [18/Nov/2022:12:47:07 -0800] "GET /update/setup/?version_check=1&token=ef2540fa584d5a534748f1b1f7b44951 HTTP/1.1" 200 12688 "-" "Mozilla/5.0 (compatible; MJ12bot/v1.4.8; http://mj12bot.com/)" "www.markthreeownersclub.com"
65.108.124.153 - - [18/Nov/2022:12:47:09 -0800] "GET /update/setup/?version_check=1&token=f0a49a800c4d53b57544b732150106ce HTTP/1.1" 200 12688 "-" "Mozilla/5.0 (compatible; MJ12bot/v1.4.8; http://mj12bot.com/)" "www.markthreeownersclub.com"
65.108.124.153 - - [18/Nov/2022:12:47:12 -0800] "GET /update/setup/?version_check=1&token=f0d6f2f2af06078b6f3861e6a7f317dc HTTP/1.1" 200 12688 "-" "Mozilla/5.0 (compatible; MJ12bot/v1.4.8; http://mj12bot.com/)" "www.markthreeownersclub.com"
65.108.124.153 - - [18/Nov/2022:12:47:14 -0800] "GET /update/setup/?version_check=1&token=f0d6f6ac7e428455d8a1a19f6a9b569b HTTP/1.1" 200 12688 "-" "Mozilla/5.0 (compatible; MJ12bot/v1.4.8; http://mj12bot.com/)" "www.markthreeownersclub.com"
114.119.136.99 - - [18/Nov/2022:12:47:16 -0800] "GET /ENGINE/engine/ HTTP/1.1" 200 360 "-" "Mozilla/5.0 (Linux; Android 7.0;) AppleWebKit/537.36 (KHTML, like Gecko) Mobile Safari/537.36 (compatible; PetalBot;+https://webmaster.petalsearch.com/site/petalbot)" "markthreeownersclub.com"
65.108.124.153 - - [18/Nov/2022:12:47:17 -0800] "GET /update/setup/?version_check=1&token=f0d7aadfd611971dde2ea9ea2888bba8 HTTP/1.1" 200 12688 "-" "Mozilla/5.0 (compatible; MJ12bot/v1.4.8; http://mj12bot.com/)" "www.markthreeownersclub.com"
65.108.124.153 - - [18/Nov/2022:12:47:19 -0800] "GET /update/setup/?version_check=1&token=f0d88380b45b6343984ab1ae00d89ec6 HTTP/1.1" 200 12688 "-" "Mozilla/5.0 (compatible; MJ12bot/v1.4.8; http://mj12bot.com/)" "www.markthreeownersclub.com"
65.108.124.153 - - [18/Nov/2022:12:47:22 -0800] "GET /update/setup/?version_check=1&token=f1ebfcd749e1f341d06d0dc9bee07dd5 HTTP/1.1" 200 12688 "-" "Mozilla/5.0 (compatible; MJ12bot/v1.4.8; http://mj12bot.com/)" "www.markthreeownersclub.com"
65.108.124.153 - - [18/Nov/2022:12:47:25 -0800] "GET /update/setup/?version_check=1&token=f1f0b08008dc9a31c783d35f54f90b2c HTTP/1.1" 200 12688 "-" "Mozilla/5.0 (compatible; MJ12bot/v1.4.8; http://mj12bot.com/)" "www.markthreeownersclub.com"
65.108.124.153 - - [18/Nov/2022:12:47:28 -0800] "GET /update/setup/?version_check=1&token=f2751a9d1216acdcab6439422e471454 HTTP/1.1" 200 12688 "-" "Mozilla/5.0 (compatible; MJ12bot/v1.4.8; http://mj12bot.com/)" "www.markthreeownersclub.com"
65.108.124.153 - - [18/Nov/2022:12:47:31 -0800] "GET /update/setup/?version_check=1&token=f2b052fec74b1619448a44c1010e3ea1 HTTP/1.1" 200 12688 "-" "Mozilla/5.0 (compatible; MJ12bot/v1.4.8; http://mj12bot.com/)" "www.markthreeownersclub.com"
65.108.124.153 - - [18/Nov/2022:12:47:34 -0800] "GET /update/setup/?version_check=1&token=f2b22747ce42852e56ac81c312487a81 HTTP/1.1" 200 12688 "-" "Mozilla/5.0 (compatible; MJ12bot/v1.4.8; http://mj12bot.com/)" "www.markthreeownersclub.com"
65.108.124.153 - - [18/Nov/2022:12:47:37 -0800] "GET /update/setup/?version_check=1&token=f2b4832084a9ae86de400e09931cc32c HTTP/1.1" 200 12688 "-" "Mozilla/5.0 (compatible; MJ12bot/v1.4.8; http://mj12bot.com/)" "www.markthreeownersclub.com"
65.108.124.153 - - [18/Nov/2022:12:47:39 -0800] "GET /update/setup/?version_check=1&token=f2b55939f5c4e5dd2586555390ea9e0d HTTP/1.1" 200 12688 "-" "Mozilla/5.0 (compatible; MJ12bot/v1.4.8; http://mj12bot.com/)" "www.markthreeownersclub.com"
65.108.124.153 - - [18/Nov/2022:12:47:43 -0800] "GET /update/setup/?version_check=1&token=f2b83e135da343be3e0b98596b03ada4 HTTP/1.1" 200 12688 "-" "Mozilla/5.0 (compatible; MJ12bot/v1.4.8; http://mj12bot.com/)" "www.markthreeownersclub.com"
65.108.124.153 - - [18/Nov/2022:12:47:45 -0800] "GET /update/setup/?version_check=1&token=f2b8dad7ce1dd9a04968b2fd71fb55ed HTTP/1.1" 200 12688 "-" "Mozilla/5.0 (compatible; MJ12bot/v1.4.8; http://mj12bot.com/)" "www.markthreeownersclub.com"
65.108.124.153 - - [18/Nov/2022:12:47:47 -0800] "GET /update/setup/?version_check=1&token=f2bb8367564c16baf09117066550174c HTTP/1.1" 200 12688 "-" "Mozilla/5.0 (compatible; MJ12bot/v1.4.8; http://mj12bot.com/)" "www.markthreeownersclub.com"
65.108.124.153 - - [18/Nov/2022:12:47:50 -0800] "GET /update/setup/?version_check=1&token=f2be2c0a857b79931c58af3a10c0d0e2 HTTP/1.1" 200 12688 "-" "Mozilla/5.0 (compatible; MJ12bot/v1.4.8; http://mj12bot.com/)" "www.markthreeownersclub.com"
65.108.124.153 - - [18/Nov/2022:12:47:52 -0800] "GET /update/setup/?version_check=1&token=f2c197dcf632e14f10f37676d41f56ca HTTP/1.1" 200 12688 "-" "Mozilla/5.0 (compatible; MJ12bot/v1.4.8; http://mj12bot.com/)" "www.markthreeownersclub.com"
65.108.124.153 - - [18/Nov/2022:12:47:55 -0800] "GET /update/setup/?version_check=1&token=f3284ab7592e90020cc27a3c8bbe61fa HTTP/1.1" 200 12688 "-" "Mozilla/5.0 (compatible; MJ12bot/v1.4.8; http://mj12bot.com/)" "www.markthreeownersclub.com"
65.108.124.153 - - [18/Nov/2022:12:47:58 -0800] "GET /update/setup/?version_check=1&token=f339d2f2349f819bbd8ff29957fd7fc3 HTTP/1.1" 200 12688 "-" "Mozilla/5.0 (compatible; MJ12bot/v1.4.8; http://mj12bot.com/)" "www.markthreeownersclub.com"
65.108.124.153 - - [18/Nov/2022:12:48:00 -0800] "GET /update/setup/?version_check=1&token=f3aac8e5ce1cef7187c3f645ef2dc04b HTTP/1.1" 200 12688 "-" "Mozilla/5.0 (compatible; MJ12bot/v1.4.8; http://mj12bot.com/)" "www.markthreeownersclub.com"
65.108.124.153 - - [18/Nov/2022:12:48:02 -0800] "GET /update/setup/?version_check=1&token=f3b8d90000f8ae99106b40f3d4034cf7 HTTP/1.1" 200 12688 "-" "Mozilla/5.0 (compatible; MJ12bot/v1.4.8; http://mj12bot.com/)" "www.markthreeownersclub.com"
65.108.124.153 - - [18/Nov/2022:12:48:04 -0800] "GET /update/setup/?version_check=1&token=f3e5d114196154fdc6df1c188ace941d HTTP/1.1" 200 12688 "-" "Mozilla/5.0 (compatible; MJ12bot/v1.4.8; http://mj12bot.com/)" "www.markthreeownersclub.com"
65.108.124.153 - - [18/Nov/2022:12:48:08 -0800] "GET /update/setup/?version_check=1&token=f3ec0dd550dab0ecc4748f91b657d160 HTTP/1.1" 200 12688 "-" "Mozilla/5.0 (compatible; MJ12bot/v1.4.8; http://mj12bot.com/)" "www.markthreeownersclub.com"
65.108.124.153 - - [18/Nov/2022:12:48:10 -0800] "GET /update/setup/?version_check=1&token=f3ecbc44f635e7488f67d5edbfcfa982 HTTP/1.1" 200 12688 "-" "Mozilla/5.0 (compatible; MJ12bot/v1.4.8; http://mj12bot.com/)" "www.markthreeownersclub.com"
65.108.124.153 - - [18/Nov/2022:12:48:12 -0800] "GET /update/setup/?version_check=1&token=f3ece38ecab6d8e17205520119bf4aec HTTP/1.1" 200 12688 "-" "Mozilla/5.0 (compatible; MJ12bot/v1.4.8; http://mj12bot.com/)" "www.markthreeownersclub.com"
65.108.124.153 - - [18/Nov/2022:12:48:15 -0800] "GET /update/setup/?version_check=1&token=f3ef665ddf2fee717c02284ab44d1925 HTTP/1.1" 200 12688 "-" "Mozilla/5.0 (compatible; MJ12bot/v1.4.8; http://mj12bot.com/)" "www.markthreeownersclub.com"
65.108.124.153 - - [18/Nov/2022:12:48:17 -0800] "GET /update/setup/?version_check=1&token=f3f83703bb90f9021852b2df3853131c HTTP/1.1" 200 12688 "-" "Mozilla/5.0 (compatible; MJ12bot/v1.4.8; http://mj12bot.com/)" "www.markthreeownersclub.com"
65.108.124.153 - - [18/Nov/2022:12:48:20 -0800] "GET /update/setup/?version_check=1&token=f49d022ed1a034610a6fe7a89f17f814 HTTP/1.1" 200 12688 "-" "Mozilla/5.0 (compatible; MJ12bot/v1.4.8; http://mj12bot.com/)" "www.markthreeownersclub.com"
65.108.124.153 - - [18/Nov/2022:12:48:23 -0800] "GET /update/setup/?version_check=1&token=f49f7367b3b020a65d82300f38fead6c HTTP/1.1" 200 12688 "-" "Mozilla/5.0 (compatible; MJ12bot/v1.4.8; http://mj12bot.com/)" "www.markthreeownersclub.com"
65.108.124.153 - - [18/Nov/2022:12:48:25 -0800] "GET /update/setup/?version_check=1&token=f4b5bc739a57ef3b5a01644de547e959 HTTP/1.1" 200 12688 "-" "Mozilla/5.0 (compatible; MJ12bot/v1.4.8; http://mj12bot.com/)" "www.markthreeownersclub.com"
65.108.124.153 - - [18/Nov/2022:12:48:27 -0800] "GET /update/setup/?version_check=1&token=f4d3fe20d6f9c8d5860dce76fa5347cb HTTP/1.1" 200 12688 "-" "Mozilla/5.0 (compatible; MJ12bot/v1.4.8; http://mj12bot.com/)" "www.markthreeownersclub.com"
114.119.136.92 - - [18/Nov/2022:12:52:22 -0800] "GET /sitebuilder?C=S%3BO%3DA HTTP/1.1" 301 1433 "-" "Mozilla/5.0 (Linux; Android 7.0;) AppleWebKit/537.36 (KHTML, like Gecko) Mobile Safari/537.36 (compatible; PetalBot;+https://webmaster.petalsearch.com/site/petalbot)" "markthreeownersclub.com"
114.119.136.92 - - [18/Nov/2022:12:52:22 -0800] "GET /sitebuilder/?C=S%3BO%3DA HTTP/1.1" 200 557 "-" "Mozilla/5.0 (Linux; Android 7.0;) AppleWebKit/537.36 (KHTML, like Gecko) Mobile Safari/537.36 (compatible; PetalBot;+https://webmaster.petalsearch.com/site/petalbot)" "markthreeownersclub.com"
114.119.136.88 - - [18/Nov/2022:13:02:37 -0800] "GET /clipart/buttons/blank?C=M%3BO%3DA HTTP/1.1" 301 1442 "-" "Mozilla/5.0 (Linux; Android 7.0;) AppleWebKit/537.36 (KHTML, like Gecko) Mobile Safari/537.36 (compatible; PetalBot;+https://webmaster.petalsearch.com/site/petalbot)" "markthreeownersclub.com"
114.119.136.88 - - [18/Nov/2022:13:02:37 -0800] "GET /clipart/buttons/blank/?C=M%3BO%3DA HTTP/1.1" 200 387 "-" "Mozilla/5.0 (Linux; Android 7.0;) AppleWebKit/537.36 (KHTML, like Gecko) Mobile Safari/537.36 (compatible; PetalBot;+https://webmaster.petalsearch.com/site/petalbot)" "markthreeownersclub.com"
