114.119.136.92 - - [18/Nov/2022:13:07:49 -0800] "GET /?C=M%3BO%3DA HTTP/1.1" 200 96 "-" "Mozilla/5.0 (Linux; Android 7.0;) AppleWebKit/537.36 (KHTML, like Gecko) Mobile Safari/537.36 (compatible; PetalBot;+https://webmaster.petalsearch.com/site/petalbot)" "www.markthreeownersclub.com"
114.119.136.92 - - [18/Nov/2022:13:12:54 -0800] "GET /mymenu/MyMenu1 HTTP/1.1" 301 1423 "-" "Mozilla/5.0 (Linux; Android 7.0;) AppleWebKit/537.36 (KHTML, like Gecko) Mobile Safari/537.36 (compatible; PetalBot;+https://webmaster.petalsearch.com/site/petalbot)" "www.markthreeownersclub.com"
114.119.136.92 - - [18/Nov/2022:13:12:54 -0800] "GET /mymenu/MyMenu1/ HTTP/1.1" 200 548 "-" "Mozilla/5.0 (Linux; Android 7.0;) AppleWebKit/537.36 (KHTML, like Gecko) Mobile Safari/537.36 (compatible; PetalBot;+https://webmaster.petalsearch.com/site/petalbot)" "www.markthreeownersclub.com"
123.125.109.46 - - [18/Nov/2022:13:13:35 -0800] "GET / HTTP/1.1" 200 96 "-" "Sogou web spider/4.0(+http://www.sogou.com/docs/help/webmasters.htm#07)" "www.markthreeownersclub.com"
114.119.136.88 - - [18/Nov/2022:13:23:12 -0800] "GET /data/issues.xml HTTP/1.1" 200 30 "https://markthreeownersclub.com/data?C=D%3BO%3DA" "Mozilla/5.0 (Linux; Android 7.0;) AppleWebKit/537.36 (KHTML, like Gecko) Mobile Safari/537.36 (compatible; PetalBot;+https://webmaster.petalsearch.com/site/petalbot)" "markthreeownersclub.com"
114.119.136.88 - - [18/Nov/2022:13:33:30 -0800] "GET /ELECTRICAL?C=D%3BO%3DA HTTP/1.1" 301 1437 "-" "Mozilla/5.0 (Linux; Android 7.0;) AppleWebKit/537.36 (KHTML, like Gecko) Mobile Safari/537.36 (compatible; PetalBot;+https://webmaster.petalsearch.com/site/petalbot)" "markthreeownersclub.com"
114.119.136.88 - - [18/Nov/2022:13:33:30 -0800] "GET /ELECTRICAL/?C=D%3BO%3DA HTTP/1.1" 200 360 "-" "Mozilla/5.0 (Linux; Android 7.0;) AppleWebKit/537.36 (KHTML, like Gecko) Mobile Safari/537.36 (compatible; PetalBot;+https://webmaster.petalsearch.com/site/petalbot)" "markthreeownersclub.com"
51.222.253.8 - - [18/Nov/2022:13:34:46 -0800] "GET /robots.txt HTTP/1.1" 200 66 "-" "Mozilla/5.0 (compatible; AhrefsBot/7.0; +http://ahrefs.com/robot/)" "www.markthreeownersclub.com"
54.36.149.45 - - [18/Nov/2022:13:34:47 -0800] "GET /robots.txt HTTP/1.1" 200 66 "-" "Mozilla/5.0 (compatible; AhrefsBot/7.0; +http://ahrefs.com/robot/)" "markthreeownersclub.com"
114.119.136.99 - - [18/Nov/2022:13:38:38 -0800] "GET /clipart/buttons/themes/banner_teal?C=M%3BO%3DA HTTP/1.1" 301 1453 "-" "Mozilla/5.0 (Linux; Android 7.0;) AppleWebKit/537.36 (KHTML, like Gecko) Mobile Safari/537.36 (compatible; PetalBot;+https://webmaster.petalsearch.com/site/petalbot)" "www.markthreeownersclub.com"
114.119.136.99 - - [18/Nov/2022:13:38:39 -0800] "GET /clipart/buttons/themes/banner_teal/?C=M%3BO%3DA HTTP/1.1" 200 417 "-" "Mozilla/5.0 (Linux; Android 7.0;) AppleWebKit/537.36 (KHTML, like Gecko) Mobile Safari/537.36 (compatible; PetalBot;+https://webmaster.petalsearch.com/site/petalbot)" "www.markthreeownersclub.com"
114.119.136.88 - - [18/Nov/2022:13:44:10 -0800] "GET /clipart/lines/horizontal/?C=M%3BO%3DA HTTP/1.1" 200 392 "-" "Mozilla/5.0 (Linux; Android 7.0;) AppleWebKit/537.36 (KHTML, like Gecko) Mobile Safari/537.36 (compatible; PetalBot;+https://webmaster.petalsearch.com/site/petalbot)" "www.markthreeownersclub.com"
114.119.136.88 - - [18/Nov/2022:13:48:53 -0800] "GET /issue.2.2014 HTTP/1.1" 301 1422 "-" "Mozilla/5.0 (Linux; Android 7.0;) AppleWebKit/537.36 (KHTML, like Gecko) Mobile Safari/537.36 (compatible; PetalBot;+https://webmaster.petalsearch.com/site/petalbot)" "www.markthreeownersclub.com"
114.119.136.88 - - [18/Nov/2022:13:48:54 -0800] "GET /issue.2.2014/ HTTP/1.1" 200 2270 "-" "Mozilla/5.0 (Linux; Android 7.0;) AppleWebKit/537.36 (KHTML, like Gecko) Mobile Safari/537.36 (compatible; PetalBot;+https://webmaster.petalsearch.com/site/petalbot)" "www.markthreeownersclub.com"
114.119.136.88 - - [18/Nov/2022:13:48:54 -0800] "GET /issue.2.2014/history/history.js HTTP/1.1" 200 5777 "https://www.markthreeownersclub.com/issue.2.2014/" "Mozilla/5.0 (Linux; Android 7.0;) AppleWebKit/537.36 (KHTML, like Gecko) Mobile Safari/537.36 (compatible; PetalBot;+https://webmaster.petalsearch.com/site/petalbot)" "www.markthreeownersclub.com"
114.119.136.88 - - [18/Nov/2022:13:48:54 -0800] "GET /issue.2.2014/history/history.css HTTP/1.1" 200 192 "https://www.markthreeownersclub.com/issue.2.2014/" "Mozilla/5.0 (Linux; Android 7.0;) AppleWebKit/537.36 (KHTML, like Gecko) Mobile Safari/537.36 (compatible; PetalBot;+https://webmaster.petalsearch.com/site/petalbot)" "www.markthreeownersclub.com"
114.119.136.88 - - [18/Nov/2022:13:48:54 -0800] "GET /issue.2.2014/AC_OETags.js HTTP/1.1" 200 2529 "https://www.markthreeownersclub.com/issue.2.2014/" "Mozilla/5.0 (Linux; Android 7.0;) AppleWebKit/537.36 (KHTML, like Gecko) Mobile Safari/537.36 (compatible; PetalBot;+https://webmaster.petalsearch.com/site/petalbot)" "www.markthreeownersclub.com"
114.119.136.88 - - [18/Nov/2022:13:48:54 -0800] "GET /issue.2.2014/html5.html?page=0 HTTP/1.1" 200 1033 "https://www.markthreeownersclub.com/issue.2.2014/" "Mozilla/5.0 (Linux; Android 7.0;) AppleWebKit/537.36 (KHTML, like Gecko) Mobile Safari/537.36 (compatible; PetalBot;+https://webmaster.petalsearch.com/site/petalbot)" "www.markthreeownersclub.com"
114.119.136.88 - - [18/Nov/2022:13:48:54 -0800] "GET /issue.2.2014/html5.js HTTP/1.1" 200 39375 "https://www.markthreeownersclub.com/issue.2.2014/html5.html?page=0" "Mozilla/5.0 (Linux; Android 7.0;) AppleWebKit/537.36 (KHTML, like Gecko) Mobile Safari/537.36 (compatible; PetalBot;+https://webmaster.petalsearch.com/site/petalbot)" "www.markthreeownersclub.com"
114.119.136.88 - - [18/Nov/2022:13:48:55 -0800] "GET /issue.2.2014/html5forwebkit.html?page=0 HTTP/1.1" 200 5309 "https://www.markthreeownersclub.com/issue.2.2014/html5.html?page=0" "Mozilla/5.0 (Linux; Android 7.0;) AppleWebKit/537.36 (KHTML, like Gecko) Mobile Safari/537.36 (compatible; PetalBot;+https://webmaster.petalsearch.com/site/petalbot)" "www.markthreeownersclub.com"
114.119.136.88 - - [18/Nov/2022:13:48:56 -0800] "GET /issue.2.2014/spin.min.js HTTP/1.1" 200 1716 "https://www.markthreeownersclub.com/issue.2.2014/html5forwebkit.html?page=0" "Mozilla/5.0 (Linux; Android 7.0;) AppleWebKit/537.36 (KHTML, like Gecko) Mobile Safari/537.36 (compatible; PetalBot;+https://webmaster.petalsearch.com/site/petalbot)" "www.markthreeownersclub.com"
114.119.136.88 - - [18/Nov/2022:13:48:56 -0800] "GET /issue.2.2014/customFunction.js HTTP/1.1" 404 88 "https://www.markthreeownersclub.com/issue.2.2014/html5forwebkit.html?page=0" "Mozilla/5.0 (Linux; Android 7.0;) AppleWebKit/537.36 (KHTML, like Gecko) Mobile Safari/537.36 (compatible; PetalBot;+https://webmaster.petalsearch.com/site/petalbot)" "www.markthreeownersclub.com"
114.119.136.88 - - [18/Nov/2022:13:48:56 -0800] "GET /issue.2.2014/customFunction.js HTTP/1.1" 404 88 "https://www.markthreeownersclub.com/issue.2.2014/html5forwebkit.html?page=0" "Mozilla/5.0 (Linux; Android 7.0;) AppleWebKit/537.36 (KHTML, like Gecko) Mobile Safari/537.36 (compatible; PetalBot;+https://webmaster.petalsearch.com/site/petalbot)" "www.markthreeownersclub.com"
114.119.136.88 - - [18/Nov/2022:13:48:56 -0800] "GET /issue.2.2014/html5forwebkit.js HTTP/1.1" 200 44900 "https://www.markthreeownersclub.com/issue.2.2014/html5forwebkit.html?page=0" "Mozilla/5.0 (Linux; Android 7.0;) AppleWebKit/537.36 (KHTML, like Gecko) Mobile Safari/537.36 (compatible; PetalBot;+https://webmaster.petalsearch.com/site/petalbot)" "www.markthreeownersclub.com"
114.119.136.88 - - [18/Nov/2022:13:48:57 -0800] "GET /issue.2.2014/data/bookinfo.xml HTTP/1.1" 200 1047 "https://www.markthreeownersclub.com/issue.2.2014/html5forwebkit.html?page=0" "Mozilla/5.0 (Linux; Android 7.0;) AppleWebKit/537.36 (KHTML, like Gecko) Mobile Safari/537.36 (compatible; PetalBot;+https://webmaster.petalsearch.com/site/petalbot)" "www.markthreeownersclub.com"
114.119.136.88 - - [18/Nov/2022:13:48:57 -0800] "GET /issue.2.2014/data/languages/languages.xml HTTP/1.1" 200 204 "https://www.markthreeownersclub.com/issue.2.2014/html5forwebkit.html?page=0" "Mozilla/5.0 (Linux; Android 7.0;) AppleWebKit/537.36 (KHTML, like Gecko) Mobile Safari/537.36 (compatible; PetalBot;+https://webmaster.petalsearch.com/site/petalbot)" "www.markthreeownersclub.com"
114.119.136.88 - - [18/Nov/2022:13:48:57 -0800] "GET /issue.2.2014/data/languages/eng.xml HTTP/1.1" 200 1972 "https://www.markthreeownersclub.com/issue.2.2014/html5forwebkit.html?page=0" "Mozilla/5.0 (Linux; Android 7.0;) AppleWebKit/537.36 (KHTML, like Gecko) Mobile Safari/537.36 (compatible; PetalBot;+https://webmaster.petalsearch.com/site/petalbot)" "www.markthreeownersclub.com"
114.119.136.88 - - [18/Nov/2022:13:48:58 -0800] "GET /issue.2.2014/data/bookinfo.xml HTTP/1.1" 200 1047 "https://www.markthreeownersclub.com/issue.2.2014/html5forwebkit.html?page=0" "Mozilla/5.0 (Linux; Android 7.0;) AppleWebKit/537.36 (KHTML, like Gecko) Mobile Safari/537.36 (compatible; PetalBot;+https://webmaster.petalsearch.com/site/petalbot)" "www.markthreeownersclub.com"
114.119.136.88 - - [18/Nov/2022:13:48:58 -0800] "GET /issue.2.2014/data/pages.xml HTTP/1.1" 200 386 "https://www.markthreeownersclub.com/issue.2.2014/html5forwebkit.html?page=0" "Mozilla/5.0 (Linux; Android 7.0;) AppleWebKit/537.36 (KHTML, like Gecko) Mobile Safari/537.36 (compatible; PetalBot;+https://webmaster.petalsearch.com/site/petalbot)" "www.markthreeownersclub.com"
114.119.136.88 - - [18/Nov/2022:13:48:58 -0800] "GET /issue.2.2014/data/slideshow.xml HTTP/1.1" 200 40 "https://www.markthreeownersclub.com/issue.2.2014/html5forwebkit.html?page=0" "Mozilla/5.0 (Linux; Android 7.0;) AppleWebKit/537.36 (KHTML, like Gecko) Mobile Safari/537.36 (compatible; PetalBot;+https://webmaster.petalsearch.com/site/petalbot)" "www.markthreeownersclub.com"
114.119.136.88 - - [18/Nov/2022:13:48:58 -0800] "GET /issue.2.2014/data/videos.xml HTTP/1.1" 200 37 "https://www.markthreeownersclub.com/issue.2.2014/html5forwebkit.html?page=0" "Mozilla/5.0 (Linux; Android 7.0;) AppleWebKit/537.36 (KHTML, like Gecko) Mobile Safari/537.36 (compatible; PetalBot;+https://webmaster.petalsearch.com/site/petalbot)" "www.markthreeownersclub.com"
114.119.136.88 - - [18/Nov/2022:13:48:58 -0800] "GET /issue.2.2014/data/contents.xml HTTP/1.1" 200 75 "https://www.markthreeownersclub.com/issue.2.2014/html5forwebkit.html?page=0" "Mozilla/5.0 (Linux; Android 7.0;) AppleWebKit/537.36 (KHTML, like Gecko) Mobile Safari/537.36 (compatible; PetalBot;+https://webmaster.petalsearch.com/site/petalbot)" "www.markthreeownersclub.com"
114.119.136.88 - - [18/Nov/2022:13:48:58 -0800] "GET /issue.2.2014/data/copyright.xml HTTP/1.1" 200 52 "https://www.markthreeownersclub.com/issue.2.2014/html5forwebkit.html?page=0" "Mozilla/5.0 (Linux; Android 7.0;) AppleWebKit/537.36 (KHTML, like Gecko) Mobile Safari/537.36 (compatible; PetalBot;+https://webmaster.petalsearch.com/site/petalbot)" "www.markthreeownersclub.com"
114.119.136.88 - - [18/Nov/2022:13:48:58 -0800] "GET /issue.2.2014/data/bookmarks.xml HTTP/1.1" 200 37 "https://www.markthreeownersclub.com/issue.2.2014/html5forwebkit.html?page=0" "Mozilla/5.0 (Linux; Android 7.0;) AppleWebKit/537.36 (KHTML, like Gecko) Mobile Safari/537.36 (compatible; PetalBot;+https://webmaster.petalsearch.com/site/petalbot)" "www.markthreeownersclub.com"
114.119.136.88 - - [18/Nov/2022:13:48:58 -0800] "GET /issue.2.2014/data/sounds.xml HTTP/1.1" 200 134 "https://www.markthreeownersclub.com/issue.2.2014/html5forwebkit.html?page=0" "Mozilla/5.0 (Linux; Android 7.0;) AppleWebKit/537.36 (KHTML, like Gecko) Mobile Safari/537.36 (compatible; PetalBot;+https://webmaster.petalsearch.com/site/petalbot)" "www.markthreeownersclub.com"
114.119.136.88 - - [18/Nov/2022:13:48:58 -0800] "GET /issue.2.2014/data/search.xml HTTP/1.1" 200 23694 "https://www.markthreeownersclub.com/issue.2.2014/html5forwebkit.html?page=0" "Mozilla/5.0 (Linux; Android 7.0;) AppleWebKit/537.36 (KHTML, like Gecko) Mobile Safari/537.36 (compatible; PetalBot;+https://webmaster.petalsearch.com/site/petalbot)" "www.markthreeownersclub.com"
114.119.136.88 - - [18/Nov/2022:13:48:58 -0800] "GET /issue.2.2014/data/hotlinks.xml HTTP/1.1" 200 33 "https://www.markthreeownersclub.com/issue.2.2014/html5forwebkit.html?page=0" "Mozilla/5.0 (Linux; Android 7.0;) AppleWebKit/537.36 (KHTML, like Gecko) Mobile Safari/537.36 (compatible; PetalBot;+https://webmaster.petalsearch.com/site/petalbot)" "www.markthreeownersclub.com"
114.119.136.88 - - [18/Nov/2022:13:48:58 -0800] "GET /issue.2.2014/data/share.xml HTTP/1.1" 200 350 "https://www.markthreeownersclub.com/issue.2.2014/html5forwebkit.html?page=0" "Mozilla/5.0 (Linux; Android 7.0;) AppleWebKit/537.36 (KHTML, like Gecko) Mobile Safari/537.36 (compatible; PetalBot;+https://webmaster.petalsearch.com/site/petalbot)" "www.markthreeownersclub.com"
114.119.136.88 - - [18/Nov/2022:13:48:58 -0800] "GET /issue.2.2014/data/buttons.xml HTTP/1.1" 200 35 "https://www.markthreeownersclub.com/issue.2.2014/html5forwebkit.html?page=0" "Mozilla/5.0 (Linux; Android 7.0;) AppleWebKit/537.36 (KHTML, like Gecko) Mobile Safari/537.36 (compatible; PetalBot;+https://webmaster.petalsearch.com/site/petalbot)" "www.markthreeownersclub.com"
114.119.136.92 - - [18/Nov/2022:13:54:02 -0800] "GET /Winter2017?C=M%3BO%3DA HTTP/1.1" 301 1434 "-" "Mozilla/5.0 (Linux; Android 7.0;) AppleWebKit/537.36 (KHTML, like Gecko) Mobile Safari/537.36 (compatible; PetalBot;+https://webmaster.petalsearch.com/site/petalbot)" "www.markthreeownersclub.com"
114.119.136.92 - - [18/Nov/2022:13:54:02 -0800] "GET /Winter2017/?C=M%3BO%3DA HTTP/1.1" 200 376 "-" "Mozilla/5.0 (Linux; Android 7.0;) AppleWebKit/537.36 (KHTML, like Gecko) Mobile Safari/537.36 (compatible; PetalBot;+https://webmaster.petalsearch.com/site/petalbot)" "www.markthreeownersclub.com"
114.119.136.99 - - [18/Nov/2022:13:59:09 -0800] "GET /clipart/backgrounds/sidebar?C=D%3BO%3DA HTTP/1.1" 301 1439 "-" "Mozilla/5.0 (Linux; Android 7.0;) AppleWebKit/537.36 (KHTML, like Gecko) Mobile Safari/537.36 (compatible; PetalBot;+https://webmaster.petalsearch.com/site/petalbot)" "markthreeownersclub.com"
114.119.136.99 - - [18/Nov/2022:13:59:09 -0800] "GET /clipart/backgrounds/sidebar/?C=D%3BO%3DA HTTP/1.1" 200 446 "-" "Mozilla/5.0 (Linux; Android 7.0;) AppleWebKit/537.36 (KHTML, like Gecko) Mobile Safari/537.36 (compatible; PetalBot;+https://webmaster.petalsearch.com/site/petalbot)" "markthreeownersclub.com"
114.119.136.92 - - [18/Nov/2022:14:04:22 -0800] "GET /MAINTENANCE?C=S%3BO%3DA HTTP/1.1" 301 1438 "-" "Mozilla/5.0 (Linux; Android 7.0;) AppleWebKit/537.36 (KHTML, like Gecko) Mobile Safari/537.36 (compatible; PetalBot;+https://webmaster.petalsearch.com/site/petalbot)" "markthreeownersclub.com"
114.119.136.92 - - [18/Nov/2022:14:04:22 -0800] "GET /MAINTENANCE/?C=S%3BO%3DA HTTP/1.1" 200 362 "-" "Mozilla/5.0 (Linux; Android 7.0;) AppleWebKit/537.36 (KHTML, like Gecko) Mobile Safari/537.36 (compatible; PetalBot;+https://webmaster.petalsearch.com/site/petalbot)" "markthreeownersclub.com"
114.119.136.88 - - [18/Nov/2022:14:09:24 -0800] "GET /BODY/?C=D%3BO%3DA HTTP/1.1" 200 352 "-" "Mozilla/5.0 (Linux; Android 7.0;) AppleWebKit/537.36 (KHTML, like Gecko) Mobile Safari/537.36 (compatible; PetalBot;+https://webmaster.petalsearch.com/site/petalbot)" "www.markthreeownersclub.com"
114.119.136.99 - - [18/Nov/2022:14:19:37 -0800] "GET /MAINTENANCE/5_Maintainance/ HTTP/1.1" 200 2479 "-" "Mozilla/5.0 (Linux; Android 7.0;) AppleWebKit/537.36 (KHTML, like Gecko) Mobile Safari/537.36 (compatible; PetalBot;+https://webmaster.petalsearch.com/site/petalbot)" "www.markthreeownersclub.com"
114.119.136.99 - - [18/Nov/2022:14:19:37 -0800] "GET /MAINTENANCE/5_Maintainance/AC_OETags.js HTTP/1.1" 200 2529 "https://www.markthreeownersclub.com/MAINTENANCE/5_Maintainance/" "Mozilla/5.0 (Linux; Android 7.0;) AppleWebKit/537.36 (KHTML, like Gecko) Mobile Safari/537.36 (compatible; PetalBot;+https://webmaster.petalsearch.com/site/petalbot)" "www.markthreeownersclub.com"
114.119.136.99 - - [18/Nov/2022:14:19:37 -0800] "GET /MAINTENANCE/5_Maintainance/history/history.js HTTP/1.1" 200 5777 "https://www.markthreeownersclub.com/MAINTENANCE/5_Maintainance/" "Mozilla/5.0 (Linux; Android 7.0;) AppleWebKit/537.36 (KHTML, like Gecko) Mobile Safari/537.36 (compatible; PetalBot;+https://webmaster.petalsearch.com/site/petalbot)" "www.markthreeownersclub.com"
114.119.136.99 - - [18/Nov/2022:14:19:37 -0800] "GET /MAINTENANCE/5_Maintainance/history/history.css HTTP/1.1" 200 192 "https://www.markthreeownersclub.com/MAINTENANCE/5_Maintainance/" "Mozilla/5.0 (Linux; Android 7.0;) AppleWebKit/537.36 (KHTML, like Gecko) Mobile Safari/537.36 (compatible; PetalBot;+https://webmaster.petalsearch.com/site/petalbot)" "www.markthreeownersclub.com"
114.119.136.99 - - [18/Nov/2022:14:19:38 -0800] "GET /MAINTENANCE/5_Maintainance/html5.html?page=1 HTTP/1.1" 200 1044 "https://www.markthreeownersclub.com/MAINTENANCE/5_Maintainance/" "Mozilla/5.0 (Linux; Android 7.0;) AppleWebKit/537.36 (KHTML, like Gecko) Mobile Safari/537.36 (compatible; PetalBot;+https://webmaster.petalsearch.com/site/petalbot)" "www.markthreeownersclub.com"
114.119.136.99 - - [18/Nov/2022:14:19:39 -0800] "GET /MAINTENANCE/5_Maintainance/html5forwebkit.html HTTP/1.1" 200 5295 "https://www.markthreeownersclub.com/MAINTENANCE/5_Maintainance/html5.html?page=1" "Mozilla/5.0 (Linux; Android 7.0;) AppleWebKit/537.36 (KHTML, like Gecko) Mobile Safari/537.36 (compatible; PetalBot;+https://webmaster.petalsearch.com/site/petalbot)" "www.markthreeownersclub.com"
114.119.136.99 - - [18/Nov/2022:14:19:39 -0800] "GET /MAINTENANCE/5_Maintainance/spin.min.js HTTP/1.1" 200 1716 "https://www.markthreeownersclub.com/MAINTENANCE/5_Maintainance/html5forwebkit.html" "Mozilla/5.0 (Linux; Android 7.0;) AppleWebKit/537.36 (KHTML, like Gecko) Mobile Safari/537.36 (compatible; PetalBot;+https://webmaster.petalsearch.com/site/petalbot)" "www.markthreeownersclub.com"
114.119.136.99 - - [18/Nov/2022:14:19:39 -0800] "GET /MAINTENANCE/5_Maintainance/customFunction.js HTTP/1.1" 404 88 "https://www.markthreeownersclub.com/MAINTENANCE/5_Maintainance/html5forwebkit.html" "Mozilla/5.0 (Linux; Android 7.0;) AppleWebKit/537.36 (KHTML, like Gecko) Mobile Safari/537.36 (compatible; PetalBot;+https://webmaster.petalsearch.com/site/petalbot)" "www.markthreeownersclub.com"
114.119.136.99 - - [18/Nov/2022:14:19:39 -0800] "GET /MAINTENANCE/5_Maintainance/libgif.js HTTP/1.1" 200 5353 "https://www.markthreeownersclub.com/MAINTENANCE/5_Maintainance/html5forwebkit.html" "Mozilla/5.0 (Linux; Android 7.0;) AppleWebKit/537.36 (KHTML, like Gecko) Mobile Safari/537.36 (compatible; PetalBot;+https://webmaster.petalsearch.com/site/petalbot)" "www.markthreeownersclub.com"
114.119.136.99 - - [18/Nov/2022:14:19:39 -0800] "GET /MAINTENANCE/5_Maintainance/customFunction.js HTTP/1.1" 404 88 "https://www.markthreeownersclub.com/MAINTENANCE/5_Maintainance/html5forwebkit.html" "Mozilla/5.0 (Linux; Android 7.0;) AppleWebKit/537.36 (KHTML, like Gecko) Mobile Safari/537.36 (compatible; PetalBot;+https://webmaster.petalsearch.com/site/petalbot)" "www.markthreeownersclub.com"
114.119.136.99 - - [18/Nov/2022:14:19:39 -0800] "GET /MAINTENANCE/5_Maintainance/html5forwebkit.js HTTP/1.1" 200 46599 "https://www.markthreeownersclub.com/MAINTENANCE/5_Maintainance/html5forwebkit.html" "Mozilla/5.0 (Linux; Android 7.0;) AppleWebKit/537.36 (KHTML, like Gecko) Mobile Safari/537.36 (compatible; PetalBot;+https://webmaster.petalsearch.com/site/petalbot)" "www.markthreeownersclub.com"
114.119.136.99 - - [18/Nov/2022:14:19:41 -0800] "GET /MAINTENANCE/5_Maintainance/data/bookinfo.xml HTTP/1.1" 200 1050 "https://www.markthreeownersclub.com/MAINTENANCE/5_Maintainance/html5forwebkit.html" "Mozilla/5.0 (Linux; Android 7.0;) AppleWebKit/537.36 (KHTML, like Gecko) Mobile Safari/537.36 (compatible; PetalBot;+https://webmaster.petalsearch.com/site/petalbot)" "www.markthreeownersclub.com"
114.119.136.99 - - [18/Nov/2022:14:19:41 -0800] "GET /MAINTENANCE/5_Maintainance/data/languages/languages.xml HTTP/1.1" 200 200 "https://www.markthreeownersclub.com/MAINTENANCE/5_Maintainance/html5forwebkit.html" "Mozilla/5.0 (Linux; Android 7.0;) AppleWebKit/537.36 (KHTML, like Gecko) Mobile Safari/537.36 (compatible; PetalBot;+https://webmaster.petalsearch.com/site/petalbot)" "www.markthreeownersclub.com"
114.119.136.99 - - [18/Nov/2022:14:19:41 -0800] "GET /MAINTENANCE/5_Maintainance/data/languages/eng.xml HTTP/1.1" 200 1964 "https://www.markthreeownersclub.com/MAINTENANCE/5_Maintainance/html5forwebkit.html" "Mozilla/5.0 (Linux; Android 7.0;) AppleWebKit/537.36 (KHTML, like Gecko) Mobile Safari/537.36 (compatible; PetalBot;+https://webmaster.petalsearch.com/site/petalbot)" "www.markthreeownersclub.com"
114.119.136.99 - - [18/Nov/2022:14:19:41 -0800] "GET /MAINTENANCE/5_Maintainance/data/bookinfo.xml HTTP/1.1" 200 1050 "https://www.markthreeownersclub.com/MAINTENANCE/5_Maintainance/html5forwebkit.html" "Mozilla/5.0 (Linux; Android 7.0;) AppleWebKit/537.36 (KHTML, like Gecko) Mobile Safari/537.36 (compatible; PetalBot;+https://webmaster.petalsearch.com/site/petalbot)" "www.markthreeownersclub.com"
114.119.136.99 - - [18/Nov/2022:14:19:42 -0800] "GET /MAINTENANCE/5_Maintainance/data/pages.xml HTTP/1.1" 200 244 "https://www.markthreeownersclub.com/MAINTENANCE/5_Maintainance/html5forwebkit.html" "Mozilla/5.0 (Linux; Android 7.0;) AppleWebKit/537.36 (KHTML, like Gecko) Mobile Safari/537.36 (compatible; PetalBot;+https://webmaster.petalsearch.com/site/petalbot)" "www.markthreeownersclub.com"
114.119.136.99 - - [18/Nov/2022:14:19:42 -0800] "GET /MAINTENANCE/5_Maintainance/data/hotlinks.xml HTTP/1.1" 200 32 "https://www.markthreeownersclub.com/MAINTENANCE/5_Maintainance/html5forwebkit.html" "Mozilla/5.0 (Linux; Android 7.0;) AppleWebKit/537.36 (KHTML, like Gecko) Mobile Safari/537.36 (compatible; PetalBot;+https://webmaster.petalsearch.com/site/petalbot)" "www.markthreeownersclub.com"
114.119.136.99 - - [18/Nov/2022:14:19:42 -0800] "GET /MAINTENANCE/5_Maintainance/data/copyright.xml HTTP/1.1" 200 51 "https://www.markthreeownersclub.com/MAINTENANCE/5_Maintainance/html5forwebkit.html" "Mozilla/5.0 (Linux; Android 7.0;) AppleWebKit/537.36 (KHTML, like Gecko) Mobile Safari/537.36 (compatible; PetalBot;+https://webmaster.petalsearch.com/site/petalbot)" "www.markthreeownersclub.com"
114.119.136.99 - - [18/Nov/2022:14:19:42 -0800] "GET /MAINTENANCE/5_Maintainance/data/contents.xml HTTP/1.1" 200 74 "https://www.markthreeownersclub.com/MAINTENANCE/5_Maintainance/html5forwebkit.html" "Mozilla/5.0 (Linux; Android 7.0;) AppleWebKit/537.36 (KHTML, like Gecko) Mobile Safari/537.36 (compatible; PetalBot;+https://webmaster.petalsearch.com/site/petalbot)" "www.markthreeownersclub.com"
114.119.136.99 - - [18/Nov/2022:14:19:42 -0800] "GET /MAINTENANCE/5_Maintainance/data/slideshow.xml HTTP/1.1" 200 40 "https://www.markthreeownersclub.com/MAINTENANCE/5_Maintainance/html5forwebkit.html" "Mozilla/5.0 (Linux; Android 7.0;) AppleWebKit/537.36 (KHTML, like Gecko) Mobile Safari/537.36 (compatible; PetalBot;+https://webmaster.petalsearch.com/site/petalbot)" "www.markthreeownersclub.com"
114.119.136.99 - - [18/Nov/2022:14:19:42 -0800] "GET /MAINTENANCE/5_Maintainance/data/search.xml HTTP/1.1" 200 187 "https://www.markthreeownersclub.com/MAINTENANCE/5_Maintainance/html5forwebkit.html" "Mozilla/5.0 (Linux; Android 7.0;) AppleWebKit/537.36 (KHTML, like Gecko) Mobile Safari/537.36 (compatible; PetalBot;+https://webmaster.petalsearch.com/site/petalbot)" "www.markthreeownersclub.com"
114.119.136.99 - - [18/Nov/2022:14:19:42 -0800] "GET /MAINTENANCE/5_Maintainance/data/share.xml HTTP/1.1" 200 367 "https://www.markthreeownersclub.com/MAINTENANCE/5_Maintainance/html5forwebkit.html" "Mozilla/5.0 (Linux; Android 7.0;) AppleWebKit/537.36 (KHTML, like Gecko) Mobile Safari/537.36 (compatible; PetalBot;+https://webmaster.petalsearch.com/site/petalbot)" "www.markthreeownersclub.com"
114.119.136.99 - - [18/Nov/2022:14:19:42 -0800] "GET /MAINTENANCE/5_Maintainance/data/videos.xml HTTP/1.1" 200 35 "https://www.markthreeownersclub.com/MAINTENANCE/5_Maintainance/html5forwebkit.html" "Mozilla/5.0 (Linux; Android 7.0;) AppleWebKit/537.36 (KHTML, like Gecko) Mobile Safari/537.36 (compatible; PetalBot;+https://webmaster.petalsearch.com/site/petalbot)" "www.markthreeownersclub.com"
114.119.136.99 - - [18/Nov/2022:14:19:42 -0800] "GET /MAINTENANCE/5_Maintainance/data/buttons.xml HTTP/1.1" 200 34 "https://www.markthreeownersclub.com/MAINTENANCE/5_Maintainance/html5forwebkit.html" "Mozilla/5.0 (Linux; Android 7.0;) AppleWebKit/537.36 (KHTML, like Gecko) Mobile Safari/537.36 (compatible; PetalBot;+https://webmaster.petalsearch.com/site/petalbot)" "www.markthreeownersclub.com"
114.119.136.99 - - [18/Nov/2022:14:19:42 -0800] "GET /MAINTENANCE/5_Maintainance/data/bookmarks.xml HTTP/1.1" 200 36 "https://www.markthreeownersclub.com/MAINTENANCE/5_Maintainance/html5forwebkit.html" "Mozilla/5.0 (Linux; Android 7.0;) AppleWebKit/537.36 (KHTML, like Gecko) Mobile Safari/537.36 (compatible; PetalBot;+https://webmaster.petalsearch.com/site/petalbot)" "www.markthreeownersclub.com"
114.119.136.99 - - [18/Nov/2022:14:19:42 -0800] "GET /MAINTENANCE/5_Maintainance/data/sounds.xml HTTP/1.1" 200 126 "https://www.markthreeownersclub.com/MAINTENANCE/5_Maintainance/html5forwebkit.html" "Mozilla/5.0 (Linux; Android 7.0;) AppleWebKit/537.36 (KHTML, like Gecko) Mobile Safari/537.36 (compatible; PetalBot;+https://webmaster.petalsearch.com/site/petalbot)" "www.markthreeownersclub.com"
114.119.136.92 - - [18/Nov/2022:14:24:45 -0800] "GET /content/design/?C=D%3BO%3DA HTTP/1.1" 200 389 "-" "Mozilla/5.0 (Linux; Android 7.0;) AppleWebKit/537.36 (KHTML, like Gecko) Mobile Safari/537.36 (compatible; PetalBot;+https://webmaster.petalsearch.com/site/petalbot)" "www.markthreeownersclub.com"
167.114.157.181 - - [18/Nov/2022:14:27:58 -0800] "GET /robots.txt HTTP/1.1" 200 50 "-" "Mozilla/5.0 (compatible; MJ12bot/v1.4.8; http://mj12bot.com/)" "www.markthreeownersclub.com"
167.114.157.181 - - [18/Nov/2022:14:28:01 -0800] "GET /update/url.php?url=https://www.phpmyadmin.net/&lang=en&token=8fef0ce1828be7357a1d4300045750c0 HTTP/1.1" 200 7540 "-" "Mozilla/5.0 (compatible; MJ12bot/v1.4.8; http://mj12bot.com/)" "www.markthreeownersclub.com"
167.114.157.181 - - [18/Nov/2022:14:28:04 -0800] "GET /update/url.php?url=http://www.phpmyadmin.net/&lang=en&token=8fef0ce1828be7357a1d4300045750c0 HTTP/1.1" 200 7540 "-" "Mozilla/5.0 (compatible; MJ12bot/v1.4.8; http://mj12bot.com/)" "www.markthreeownersclub.com"
167.114.157.181 - - [18/Nov/2022:14:28:08 -0800] "GET /update/url.php?url=https://www.phpmyadmin.net/&lang=en&token=8ff0e8824cf74e66feed8e7d57f0a3bd HTTP/1.1" 200 7540 "-" "Mozilla/5.0 (compatible; MJ12bot/v1.4.8; http://mj12bot.com/)" "www.markthreeownersclub.com"
91.219.254.101 - - [18/Nov/2022:14:28:10 -0800] "GET /robots.txt HTTP/1.1" 200 50 "-" "Mozilla/5.0 (compatible; MJ12bot/v1.4.8; http://mj12bot.com/)" "www.markthreeownersclub.com"
167.114.157.181 - - [18/Nov/2022:14:28:11 -0800] "GET /update/url.php?url=http://www.phpmyadmin.net/&lang=en&token=8ff0e8824cf74e66feed8e7d57f0a3bd HTTP/1.1" 200 7540 "-" "Mozilla/5.0 (compatible; MJ12bot/v1.4.8; http://mj12bot.com/)" "www.markthreeownersclub.com"
91.219.254.101 - - [18/Nov/2022:14:28:12 -0800] "GET /mymenu/MyMenu1/?C=S;O=A HTTP/1.1" 200 548 "-" "Mozilla/5.0 (compatible; MJ12bot/v1.4.8; http://mj12bot.com/)" "www.markthreeownersclub.com"
91.219.254.101 - - [18/Nov/2022:14:28:13 -0800] "GET /robots.txt HTTP/1.1" 200 50 "-" "Mozilla/5.0 (compatible; MJ12bot/v1.4.8; http://mj12bot.com/)" "www.markthreeownersclub.com"
167.114.157.181 - - [18/Nov/2022:14:28:14 -0800] "GET /update/url.php?url=https://www.phpmyadmin.net/&lang=en&token=8ff5e63f26e0f7a32078a7b283193953 HTTP/1.1" 200 7540 "-" "Mozilla/5.0 (compatible; MJ12bot/v1.4.8; http://mj12bot.com/)" "www.markthreeownersclub.com"
167.114.157.181 - - [18/Nov/2022:14:28:16 -0800] "GET /update/url.php?url=http://www.phpmyadmin.net/&lang=en&token=8ff5e63f26e0f7a32078a7b283193953 HTTP/1.1" 200 7540 "-" "Mozilla/5.0 (compatible; MJ12bot/v1.4.8; http://mj12bot.com/)" "www.markthreeownersclub.com"
91.219.254.101 - - [18/Nov/2022:14:28:17 -0800] "GET /update/url.php?url=https://www.phpmyadmin.net/&lang=en&collation_connection=utf8_general_ci&token=31080a69d4c8054a26f9a1f62520fbe1 HTTP/1.1" 200 7267 "-" "Mozilla/5.0 (compatible; MJ12bot/v1.4.8; http://mj12bot.com/)" "www.markthreeownersclub.com"
91.219.254.101 - - [18/Nov/2022:14:28:18 -0800] "GET /update/url.php?url=http://www.phpmyadmin.net/&lang=en&collation_connection=utf8_general_ci&token=31080a69d4c8054a26f9a1f62520fbe1 HTTP/1.1" 200 7267 "-" "Mozilla/5.0 (compatible; MJ12bot/v1.4.8; http://mj12bot.com/)" "www.markthreeownersclub.com"
167.114.157.181 - - [18/Nov/2022:14:28:19 -0800] "GET /update/url.php?url=https://www.phpmyadmin.net/&lang=en&token=8ff8496885f68ee3cf1d3e30479af009 HTTP/1.1" 200 7540 "-" "Mozilla/5.0 (compatible; MJ12bot/v1.4.8; http://mj12bot.com/)" "www.markthreeownersclub.com"
167.114.157.181 - - [18/Nov/2022:14:28:21 -0800] "GET /update/url.php?url=http://www.phpmyadmin.net/&lang=en&token=8ff8496885f68ee3cf1d3e30479af009 HTTP/1.1" 200 7540 "-" "Mozilla/5.0 (compatible; MJ12bot/v1.4.8; http://mj12bot.com/)" "www.markthreeownersclub.com"
91.219.254.101 - - [18/Nov/2022:14:28:22 -0800] "GET /update/url.php?url=https://www.phpmyadmin.net/&lang=en&collation_connection=utf8_general_ci&token=311a19f108e55db9c979f8ff3da557f2 HTTP/1.1" 200 7267 "-" "Mozilla/5.0 (compatible; MJ12bot/v1.4.8; http://mj12bot.com/)" "www.markthreeownersclub.com"
91.219.254.101 - - [18/Nov/2022:14:28:24 -0800] "GET /update/url.php?url=http://www.phpmyadmin.net/&lang=en&collation_connection=utf8_general_ci&token=311a19f108e55db9c979f8ff3da557f2 HTTP/1.1" 200 7267 "-" "Mozilla/5.0 (compatible; MJ12bot/v1.4.8; http://mj12bot.com/)" "www.markthreeownersclub.com"
167.114.157.181 - - [18/Nov/2022:14:28:24 -0800] "GET /update/url.php?url=https://www.phpmyadmin.net/&lang=en&token=9024398dca9276fd6236cdb5a11e3ed1 HTTP/1.1" 200 7540 "-" "Mozilla/5.0 (compatible; MJ12bot/v1.4.8; http://mj12bot.com/)" "www.markthreeownersclub.com"
167.114.157.181 - - [18/Nov/2022:14:28:26 -0800] "GET /update/url.php?url=http://www.phpmyadmin.net/&lang=en&token=9024398dca9276fd6236cdb5a11e3ed1 HTTP/1.1" 200 7540 "-" "Mozilla/5.0 (compatible; MJ12bot/v1.4.8; http://mj12bot.com/)" "www.markthreeownersclub.com"
91.219.254.101 - - [18/Nov/2022:14:28:27 -0800] "GET /update/url.php?url=https://www.phpmyadmin.net/&lang=en&collation_connection=utf8_general_ci&token=3139f1d06055576baf4634be833a3c4b HTTP/1.1" 200 7267 "-" "Mozilla/5.0 (compatible; MJ12bot/v1.4.8; http://mj12bot.com/)" "www.markthreeownersclub.com"
91.219.254.101 - - [18/Nov/2022:14:28:29 -0800] "GET /update/url.php?url=http://www.phpmyadmin.net/&lang=en&collation_connection=utf8_general_ci&token=3139f1d06055576baf4634be833a3c4b HTTP/1.1" 200 7267 "-" "Mozilla/5.0 (compatible; MJ12bot/v1.4.8; http://mj12bot.com/)" "www.markthreeownersclub.com"
167.114.157.181 - - [18/Nov/2022:14:28:29 -0800] "GET /update/url.php?url=https://www.phpmyadmin.net/&lang=en&token=9026f5f19f35ab43e7f25c786dc5a874 HTTP/1.1" 200 7540 "-" "Mozilla/5.0 (compatible; MJ12bot/v1.4.8; http://mj12bot.com/)" "www.markthreeownersclub.com"
195.191.219.130 - - [18/Nov/2022:14:28:30 -0800] "GET /robots.txt HTTP/1.1" 200 50 "-" "Mozilla/5.0 (compatible; MJ12bot/v1.4.8; http://mj12bot.com/)" "www.markthreeownersclub.com"
167.114.157.181 - - [18/Nov/2022:14:28:31 -0800] "GET /update/url.php?url=http://www.phpmyadmin.net/&lang=en&token=9026f5f19f35ab43e7f25c786dc5a874 HTTP/1.1" 200 7540 "-" "Mozilla/5.0 (compatible; MJ12bot/v1.4.8; http://mj12bot.com/)" "www.markthreeownersclub.com"
91.219.254.101 - - [18/Nov/2022:14:28:32 -0800] "GET /update/url.php?url=https://www.phpmyadmin.net/&lang=en&collation_connection=utf8_general_ci&token=3158fe36fb92c1fed1f0d43c3a0540d4 HTTP/1.1" 200 7267 "-" "Mozilla/5.0 (compatible; MJ12bot/v1.4.8; http://mj12bot.com/)" "www.markthreeownersclub.com"
195.191.219.130 - - [18/Nov/2022:14:28:33 -0800] "GET /update/url.php?url=https://www.phpmyadmin.net/&lang=en&token=2dba13d7fcea5c40b64471135f10c179 HTTP/1.1" 200 7540 "-" "Mozilla/5.0 (compatible; MJ12bot/v1.4.8; http://mj12bot.com/)" "www.markthreeownersclub.com"
91.219.254.101 - - [18/Nov/2022:14:28:34 -0800] "GET /update/url.php?url=http://www.phpmyadmin.net/&lang=en&collation_connection=utf8_general_ci&token=3158fe36fb92c1fed1f0d43c3a0540d4 HTTP/1.1" 200 7267 "-" "Mozilla/5.0 (compatible; MJ12bot/v1.4.8; http://mj12bot.com/)" "www.markthreeownersclub.com"
167.114.157.181 - - [18/Nov/2022:14:28:34 -0800] "GET /update/url.php?url=https://www.phpmyadmin.net/&lang=en&token=904a3bb2133203de52a65289f2c5b28e HTTP/1.1" 200 7540 "-" "Mozilla/5.0 (compatible; MJ12bot/v1.4.8; http://mj12bot.com/)" "www.markthreeownersclub.com"
195.191.219.130 - - [18/Nov/2022:14:28:35 -0800] "GET /update/url.php?url=http://www.phpmyadmin.net/&lang=en&token=2dba13d7fcea5c40b64471135f10c179 HTTP/1.1" 200 7540 "-" "Mozilla/5.0 (compatible; MJ12bot/v1.4.8; http://mj12bot.com/)" "www.markthreeownersclub.com"
167.114.157.181 - - [18/Nov/2022:14:28:36 -0800] "GET /update/url.php?url=http://www.phpmyadmin.net/&lang=en&token=904a3bb2133203de52a65289f2c5b28e HTTP/1.1" 200 7540 "-" "Mozilla/5.0 (compatible; MJ12bot/v1.4.8; http://mj12bot.com/)" "www.markthreeownersclub.com"
91.219.254.101 - - [18/Nov/2022:14:28:37 -0800] "GET /update/url.php?url=https://www.phpmyadmin.net/&lang=en&collation_connection=utf8_general_ci&token=3e2179270cc42ff7527b1a717da98236 HTTP/1.1" 200 7267 "-" "Mozilla/5.0 (compatible; MJ12bot/v1.4.8; http://mj12bot.com/)" "www.markthreeownersclub.com"
195.191.219.130 - - [18/Nov/2022:14:28:38 -0800] "GET /update/url.php?url=https://www.phpmyadmin.net/&lang=en&token=2de1a50e357daebc21e2a6b63268d3ff HTTP/1.1" 200 7540 "-" "Mozilla/5.0 (compatible; MJ12bot/v1.4.8; http://mj12bot.com/)" "www.markthreeownersclub.com"
91.219.254.101 - - [18/Nov/2022:14:28:39 -0800] "GET /update/url.php?url=http://www.phpmyadmin.net/&lang=en&collation_connection=utf8_general_ci&token=3e2179270cc42ff7527b1a717da98236 HTTP/1.1" 200 7267 "-" "Mozilla/5.0 (compatible; MJ12bot/v1.4.8; http://mj12bot.com/)" "www.markthreeownersclub.com"
167.114.157.181 - - [18/Nov/2022:14:28:40 -0800] "GET /update/url.php?url=https://www.phpmyadmin.net/&lang=en&token=905bcc6123636ef8d1bf3ee260e5dad6 HTTP/1.1" 200 7540 "-" "Mozilla/5.0 (compatible; MJ12bot/v1.4.8; http://mj12bot.com/)" "www.markthreeownersclub.com"
195.191.219.130 - - [18/Nov/2022:14:28:40 -0800] "GET /update/url.php?url=http://www.phpmyadmin.net/&lang=en&token=2de1a50e357daebc21e2a6b63268d3ff HTTP/1.1" 200 7540 "-" "Mozilla/5.0 (compatible; MJ12bot/v1.4.8; http://mj12bot.com/)" "www.markthreeownersclub.com"
167.114.157.181 - - [18/Nov/2022:14:28:42 -0800] "GET /update/url.php?url=http://www.phpmyadmin.net/&lang=en&token=905bcc6123636ef8d1bf3ee260e5dad6 HTTP/1.1" 200 7540 "-" "Mozilla/5.0 (compatible; MJ12bot/v1.4.8; http://mj12bot.com/)" "www.markthreeownersclub.com"
91.219.254.101 - - [18/Nov/2022:14:28:43 -0800] "GET /update/url.php?url=https://www.phpmyadmin.net/&lang=en&collation_connection=utf8_general_ci&token=3e41202261d0e6d91b239eb595627863 HTTP/1.1" 200 7267 "-" "Mozilla/5.0 (compatible; MJ12bot/v1.4.8; http://mj12bot.com/)" "www.markthreeownersclub.com"
195.191.219.130 - - [18/Nov/2022:14:28:43 -0800] "GET /update/url.php?url=https://www.phpmyadmin.net/&lang=en&token=2de5754b552c2ae6baa47ad365ddbf19 HTTP/1.1" 200 7540 "-" "Mozilla/5.0 (compatible; MJ12bot/v1.4.8; http://mj12bot.com/)" "www.markthreeownersclub.com"
91.219.254.101 - - [18/Nov/2022:14:28:44 -0800] "GET /update/url.php?url=http://www.phpmyadmin.net/&lang=en&collation_connection=utf8_general_ci&token=3e41202261d0e6d91b239eb595627863 HTTP/1.1" 200 7267 "-" "Mozilla/5.0 (compatible; MJ12bot/v1.4.8; http://mj12bot.com/)" "www.markthreeownersclub.com"
195.191.219.130 - - [18/Nov/2022:14:28:45 -0800] "GET /update/url.php?url=http://www.phpmyadmin.net/&lang=en&token=2de5754b552c2ae6baa47ad365ddbf19 HTTP/1.1" 200 7540 "-" "Mozilla/5.0 (compatible; MJ12bot/v1.4.8; http://mj12bot.com/)" "www.markthreeownersclub.com"
167.114.157.181 - - [18/Nov/2022:14:28:46 -0800] "GET /update/url.php?url=https://www.phpmyadmin.net/&lang=en&token=9090f3ddb2b88707ed61366f723913b0 HTTP/1.1" 200 7540 "-" "Mozilla/5.0 (compatible; MJ12bot/v1.4.8; http://mj12bot.com/)" "www.markthreeownersclub.com"
167.114.157.181 - - [18/Nov/2022:14:28:47 -0800] "GET /update/url.php?url=http://www.phpmyadmin.net/&lang=en&token=9090f3ddb2b88707ed61366f723913b0 HTTP/1.1" 200 7540 "-" "Mozilla/5.0 (compatible; MJ12bot/v1.4.8; http://mj12bot.com/)" "www.markthreeownersclub.com"
91.219.254.101 - - [18/Nov/2022:14:28:48 -0800] "GET /update/url.php?url=https://www.phpmyadmin.net/&lang=en&collation_connection=utf8_general_ci&token=3e90ce160a8961439b5bccc2cfb93d27 HTTP/1.1" 200 7267 "-" "Mozilla/5.0 (compatible; MJ12bot/v1.4.8; http://mj12bot.com/)" "www.markthreeownersclub.com"
195.191.219.130 - - [18/Nov/2022:14:28:48 -0800] "GET /update/url.php?url=https://www.phpmyadmin.net/&lang=en&token=2dfda5575500c4556fe87cf145be14b8 HTTP/1.1" 200 7540 "-" "Mozilla/5.0 (compatible; MJ12bot/v1.4.8; http://mj12bot.com/)" "www.markthreeownersclub.com"
91.219.254.101 - - [18/Nov/2022:14:28:49 -0800] "GET /update/url.php?url=http://www.phpmyadmin.net/&lang=en&collation_connection=utf8_general_ci&token=3e90ce160a8961439b5bccc2cfb93d27 HTTP/1.1" 200 7267 "-" "Mozilla/5.0 (compatible; MJ12bot/v1.4.8; http://mj12bot.com/)" "www.markthreeownersclub.com"
195.191.219.130 - - [18/Nov/2022:14:28:50 -0800] "GET /update/url.php?url=http://www.phpmyadmin.net/&lang=en&token=2dfda5575500c4556fe87cf145be14b8 HTTP/1.1" 200 7540 "-" "Mozilla/5.0 (compatible; MJ12bot/v1.4.8; http://mj12bot.com/)" "www.markthreeownersclub.com"
167.114.157.181 - - [18/Nov/2022:14:28:51 -0800] "GET /update/url.php?url=https://www.phpmyadmin.net/&lang=en&token=90b6be3f77204dee1a242d8881a7bcc3 HTTP/1.1" 200 7540 "-" "Mozilla/5.0 (compatible; MJ12bot/v1.4.8; http://mj12bot.com/)" "www.markthreeownersclub.com"
91.219.254.101 - - [18/Nov/2022:14:28:53 -0800] "GET /update/url.php?url=https://www.phpmyadmin.net/&lang=en&collation_connection=utf8_general_ci&token=3e939a40877befa56c986ff6b4a57f80 HTTP/1.1" 200 7267 "-" "Mozilla/5.0 (compatible; MJ12bot/v1.4.8; http://mj12bot.com/)" "www.markthreeownersclub.com"
195.191.219.130 - - [18/Nov/2022:14:28:53 -0800] "GET /update/url.php?url=https://www.phpmyadmin.net/&lang=en&token=2e1c3e0e6e97f7e7dd9263d8ad574722 HTTP/1.1" 200 7540 "-" "Mozilla/5.0 (compatible; MJ12bot/v1.4.8; http://mj12bot.com/)" "www.markthreeownersclub.com"
167.114.157.181 - - [18/Nov/2022:14:28:53 -0800] "GET /update/url.php?url=http://www.phpmyadmin.net/&lang=en&token=90b6be3f77204dee1a242d8881a7bcc3 HTTP/1.1" 200 7540 "-" "Mozilla/5.0 (compatible; MJ12bot/v1.4.8; http://mj12bot.com/)" "www.markthreeownersclub.com"
91.219.254.101 - - [18/Nov/2022:14:28:55 -0800] "GET /update/url.php?url=http://www.phpmyadmin.net/&lang=en&collation_connection=utf8_general_ci&token=3e939a40877befa56c986ff6b4a57f80 HTTP/1.1" 200 7267 "-" "Mozilla/5.0 (compatible; MJ12bot/v1.4.8; http://mj12bot.com/)" "www.markthreeownersclub.com"
195.191.219.130 - - [18/Nov/2022:14:28:55 -0800] "GET /update/url.php?url=http://www.phpmyadmin.net/&lang=en&token=2e1c3e0e6e97f7e7dd9263d8ad574722 HTTP/1.1" 200 7540 "-" "Mozilla/5.0 (compatible; MJ12bot/v1.4.8; http://mj12bot.com/)" "www.markthreeownersclub.com"
167.114.157.181 - - [18/Nov/2022:14:28:57 -0800] "GET /update/url.php?url=https://www.phpmyadmin.net/&lang=en&token=90dea00e80e1f44e114a856f842e6952 HTTP/1.1" 200 7540 "-" "Mozilla/5.0 (compatible; MJ12bot/v1.4.8; http://mj12bot.com/)" "www.markthreeownersclub.com"
195.191.219.130 - - [18/Nov/2022:14:28:58 -0800] "GET /update/url.php?url=https://www.phpmyadmin.net/&lang=en&token=2e36bbea9b8e6e3154459a4d833f7cf1 HTTP/1.1" 200 7540 "-" "Mozilla/5.0 (compatible; MJ12bot/v1.4.8; http://mj12bot.com/)" "www.markthreeownersclub.com"
91.219.254.101 - - [18/Nov/2022:14:28:58 -0800] "GET /update/url.php?url=https://www.phpmyadmin.net/&lang=en&collation_connection=utf8_general_ci&token=3e9dcb6c5b7084c6da812aa9dbc1f3d1 HTTP/1.1" 200 7267 "-" "Mozilla/5.0 (compatible; MJ12bot/v1.4.8; http://mj12bot.com/)" "www.markthreeownersclub.com"
195.191.219.130 - - [18/Nov/2022:14:29:00 -0800] "GET /update/url.php?url=http://www.phpmyadmin.net/&lang=en&token=2e36bbea9b8e6e3154459a4d833f7cf1 HTTP/1.1" 200 7540 "-" "Mozilla/5.0 (compatible; MJ12bot/v1.4.8; http://mj12bot.com/)" "www.markthreeownersclub.com"
167.114.157.181 - - [18/Nov/2022:14:29:00 -0800] "GET /update/url.php?url=http://www.phpmyadmin.net/&lang=en&token=90dea00e80e1f44e114a856f842e6952 HTTP/1.1" 200 7540 "-" "Mozilla/5.0 (compatible; MJ12bot/v1.4.8; http://mj12bot.com/)" "www.markthreeownersclub.com"
91.219.254.101 - - [18/Nov/2022:14:29:00 -0800] "GET /update/url.php?url=http://www.phpmyadmin.net/&lang=en&collation_connection=utf8_general_ci&token=3e9dcb6c5b7084c6da812aa9dbc1f3d1 HTTP/1.1" 200 7267 "-" "Mozilla/5.0 (compatible; MJ12bot/v1.4.8; http://mj12bot.com/)" "www.markthreeownersclub.com"
195.191.219.130 - - [18/Nov/2022:14:29:03 -0800] "GET /update/url.php?url=https://www.phpmyadmin.net/&lang=en&token=2e460e3fab81fc5aa0dcd35174bd763a HTTP/1.1" 200 7540 "-" "Mozilla/5.0 (compatible; MJ12bot/v1.4.8; http://mj12bot.com/)" "www.markthreeownersclub.com"
167.114.157.181 - - [18/Nov/2022:14:29:03 -0800] "GET /update/url.php?url=https://www.phpmyadmin.net/&lang=en&token=90dee25cf5430477d7940992feb2bb50 HTTP/1.1" 200 7540 "-" "Mozilla/5.0 (compatible; MJ12bot/v1.4.8; http://mj12bot.com/)" "www.markthreeownersclub.com"
91.219.254.101 - - [18/Nov/2022:14:29:04 -0800] "GET /update/url.php?url=https://www.phpmyadmin.net/&lang=en&collation_connection=utf8_general_ci&token=3eaec1d60c897083d60e94c9fb5fd7a1 HTTP/1.1" 200 7267 "-" "Mozilla/5.0 (compatible; MJ12bot/v1.4.8; http://mj12bot.com/)" "www.markthreeownersclub.com"
195.191.219.130 - - [18/Nov/2022:14:29:04 -0800] "GET /update/url.php?url=http://www.phpmyadmin.net/&lang=en&token=2e460e3fab81fc5aa0dcd35174bd763a HTTP/1.1" 200 7540 "-" "Mozilla/5.0 (compatible; MJ12bot/v1.4.8; http://mj12bot.com/)" "www.markthreeownersclub.com"
91.219.254.101 - - [18/Nov/2022:14:29:05 -0800] "GET /update/url.php?url=http://www.phpmyadmin.net/&lang=en&collation_connection=utf8_general_ci&token=3eaec1d60c897083d60e94c9fb5fd7a1 HTTP/1.1" 200 7267 "-" "Mozilla/5.0 (compatible; MJ12bot/v1.4.8; http://mj12bot.com/)" "www.markthreeownersclub.com"
167.114.157.181 - - [18/Nov/2022:14:29:06 -0800] "GET /update/url.php?url=http://www.phpmyadmin.net/&lang=en&token=90dee25cf5430477d7940992feb2bb50 HTTP/1.1" 200 7540 "-" "Mozilla/5.0 (compatible; MJ12bot/v1.4.8; http://mj12bot.com/)" "www.markthreeownersclub.com"
195.191.219.130 - - [18/Nov/2022:14:29:08 -0800] "GET /update/url.php?url=https://www.phpmyadmin.net/&lang=en&token=2e60ba350657fddda35b7091e532a5cd HTTP/1.1" 200 7540 "-" "Mozilla/5.0 (compatible; MJ12bot/v1.4.8; http://mj12bot.com/)" "www.markthreeownersclub.com"
91.219.254.101 - - [18/Nov/2022:14:29:09 -0800] "GET /update/url.php?url=https://www.phpmyadmin.net/&lang=en&collation_connection=utf8_general_ci&token=3eafa4c5b05bdf20ae247469a356e294 HTTP/1.1" 200 7267 "-" "Mozilla/5.0 (compatible; MJ12bot/v1.4.8; http://mj12bot.com/)" "www.markthreeownersclub.com"
195.191.219.130 - - [18/Nov/2022:14:29:09 -0800] "GET /update/url.php?url=http://www.phpmyadmin.net/&lang=en&token=2e60ba350657fddda35b7091e532a5cd HTTP/1.1" 200 7540 "-" "Mozilla/5.0 (compatible; MJ12bot/v1.4.8; http://mj12bot.com/)" "www.markthreeownersclub.com"
167.114.157.181 - - [18/Nov/2022:14:29:10 -0800] "GET /update/url.php?url=https://www.phpmyadmin.net/&lang=en&token=90fdffcc73cff06262293bb9c26fc55f HTTP/1.1" 200 7540 "-" "Mozilla/5.0 (compatible; MJ12bot/v1.4.8; http://mj12bot.com/)" "www.markthreeownersclub.com"
91.219.254.101 - - [18/Nov/2022:14:29:11 -0800] "GET /update/url.php?url=http://www.phpmyadmin.net/&lang=en&collation_connection=utf8_general_ci&token=3eafa4c5b05bdf20ae247469a356e294 HTTP/1.1" 200 7267 "-" "Mozilla/5.0 (compatible; MJ12bot/v1.4.8; http://mj12bot.com/)" "www.markthreeownersclub.com"
195.191.219.130 - - [18/Nov/2022:14:29:13 -0800] "GET /update/url.php?url=https://www.phpmyadmin.net/&lang=en&token=2e8a116df448aa0aee8ad203a83b0ceb HTTP/1.1" 200 7540 "-" "Mozilla/5.0 (compatible; MJ12bot/v1.4.8; http://mj12bot.com/)" "www.markthreeownersclub.com"
167.114.157.181 - - [18/Nov/2022:14:29:13 -0800] "GET /update/url.php?url=http://www.phpmyadmin.net/&lang=en&token=90fdffcc73cff06262293bb9c26fc55f HTTP/1.1" 200 7540 "-" "Mozilla/5.0 (compatible; MJ12bot/v1.4.8; http://mj12bot.com/)" "www.markthreeownersclub.com"
195.191.219.130 - - [18/Nov/2022:14:29:14 -0800] "GET /update/url.php?url=http://www.phpmyadmin.net/&lang=en&token=2e8a116df448aa0aee8ad203a83b0ceb HTTP/1.1" 200 7540 "-" "Mozilla/5.0 (compatible; MJ12bot/v1.4.8; http://mj12bot.com/)" "www.markthreeownersclub.com"
91.219.254.101 - - [18/Nov/2022:14:29:14 -0800] "GET /update/url.php?url=https://www.phpmyadmin.net/&lang=en&collation_connection=utf8_general_ci&token=3ebfc9fbb864329c4537eaa9f0f9a01b HTTP/1.1" 200 7267 "-" "Mozilla/5.0 (compatible; MJ12bot/v1.4.8; http://mj12bot.com/)" "www.markthreeownersclub.com"
91.219.254.101 - - [18/Nov/2022:14:29:16 -0800] "GET /update/url.php?url=http://www.phpmyadmin.net/&lang=en&collation_connection=utf8_general_ci&token=3ebfc9fbb864329c4537eaa9f0f9a01b HTTP/1.1" 200 7267 "-" "Mozilla/5.0 (compatible; MJ12bot/v1.4.8; http://mj12bot.com/)" "www.markthreeownersclub.com"
195.191.219.130 - - [18/Nov/2022:14:29:17 -0800] "GET /update/url.php?url=https://www.phpmyadmin.net/&lang=en&token=2e9b928f6d2ce2d6136f22d4bad47a05 HTTP/1.1" 200 7540 "-" "Mozilla/5.0 (compatible; MJ12bot/v1.4.8; http://mj12bot.com/)" "www.markthreeownersclub.com"
167.114.157.181 - - [18/Nov/2022:14:29:19 -0800] "GET /update/url.php?url=https://www.phpmyadmin.net/&lang=en&token=9119cf896f36e80971bd5e86e908df4c HTTP/1.1" 200 7540 "-" "Mozilla/5.0 (compatible; MJ12bot/v1.4.8; http://mj12bot.com/)" "www.markthreeownersclub.com"
195.191.219.130 - - [18/Nov/2022:14:29:19 -0800] "GET /update/url.php?url=http://www.phpmyadmin.net/&lang=en&token=2e9b928f6d2ce2d6136f22d4bad47a05 HTTP/1.1" 200 7540 "-" "Mozilla/5.0 (compatible; MJ12bot/v1.4.8; http://mj12bot.com/)" "www.markthreeownersclub.com"
91.219.254.101 - - [18/Nov/2022:14:29:19 -0800] "GET /update/url.php?url=https://www.phpmyadmin.net/&lang=en&collation_connection=utf8_general_ci&token=3f2b9bff3a6ead478dd3f1069330d4e3 HTTP/1.1" 200 7267 "-" "Mozilla/5.0 (compatible; MJ12bot/v1.4.8; http://mj12bot.com/)" "www.markthreeownersclub.com"
167.114.157.181 - - [18/Nov/2022:14:29:20 -0800] "GET /update/url.php?url=http://www.phpmyadmin.net/&lang=en&token=9119cf896f36e80971bd5e86e908df4c HTTP/1.1" 200 7540 "-" "Mozilla/5.0 (compatible; MJ12bot/v1.4.8; http://mj12bot.com/)" "www.markthreeownersclub.com"
91.219.254.101 - - [18/Nov/2022:14:29:21 -0800] "GET /update/url.php?url=http://www.phpmyadmin.net/&lang=en&collation_connection=utf8_general_ci&token=3f2b9bff3a6ead478dd3f1069330d4e3 HTTP/1.1" 200 7267 "-" "Mozilla/5.0 (compatible; MJ12bot/v1.4.8; http://mj12bot.com/)" "www.markthreeownersclub.com"
195.191.219.130 - - [18/Nov/2022:14:29:22 -0800] "GET /update/url.php?url=https://www.phpmyadmin.net/&lang=en&token=2ea6fc23a16df6b4b0971c61f873840b HTTP/1.1" 200 7540 "-" "Mozilla/5.0 (compatible; MJ12bot/v1.4.8; http://mj12bot.com/)" "www.markthreeownersclub.com"
195.191.219.130 - - [18/Nov/2022:14:29:24 -0800] "GET /update/url.php?url=http://www.phpmyadmin.net/&lang=en&token=2ea6fc23a16df6b4b0971c61f873840b HTTP/1.1" 200 7540 "-" "Mozilla/5.0 (compatible; MJ12bot/v1.4.8; http://mj12bot.com/)" "www.markthreeownersclub.com"
167.114.157.181 - - [18/Nov/2022:14:29:24 -0800] "GET /update/url.php?url=https://www.phpmyadmin.net/&lang=en&token=912a6d6036c754735e95609fad7dde03 HTTP/1.1" 200 7540 "-" "Mozilla/5.0 (compatible; MJ12bot/v1.4.8; http://mj12bot.com/)" "www.markthreeownersclub.com"
91.219.254.101 - - [18/Nov/2022:14:29:25 -0800] "GET /update/url.php?url=https://www.phpmyadmin.net/&lang=en&collation_connection=utf8_general_ci&token=3f53182ce7f39dcaf4d069cdf765a456 HTTP/1.1" 200 7267 "-" "Mozilla/5.0 (compatible; MJ12bot/v1.4.8; http://mj12bot.com/)" "www.markthreeownersclub.com"
167.114.157.181 - - [18/Nov/2022:14:29:26 -0800] "GET /update/url.php?url=http://www.phpmyadmin.net/&lang=en&token=912a6d6036c754735e95609fad7dde03 HTTP/1.1" 200 7540 "-" "Mozilla/5.0 (compatible; MJ12bot/v1.4.8; http://mj12bot.com/)" "www.markthreeownersclub.com"
195.191.219.130 - - [18/Nov/2022:14:29:27 -0800] "GET /update/url.php?url=https://www.phpmyadmin.net/&lang=en&token=2ff2a1e23899fbe390c69bf91e5c8626 HTTP/1.1" 200 7540 "-" "Mozilla/5.0 (compatible; MJ12bot/v1.4.8; http://mj12bot.com/)" "www.markthreeownersclub.com"
91.219.254.101 - - [18/Nov/2022:14:29:27 -0800] "GET /update/url.php?url=http://www.phpmyadmin.net/&lang=en&collation_connection=utf8_general_ci&token=3f53182ce7f39dcaf4d069cdf765a456 HTTP/1.1" 200 7267 "-" "Mozilla/5.0 (compatible; MJ12bot/v1.4.8; http://mj12bot.com/)" "www.markthreeownersclub.com"
195.191.219.130 - - [18/Nov/2022:14:29:29 -0800] "GET /update/url.php?url=http://www.phpmyadmin.net/&lang=en&token=2ff2a1e23899fbe390c69bf91e5c8626 HTTP/1.1" 200 7540 "-" "Mozilla/5.0 (compatible; MJ12bot/v1.4.8; http://mj12bot.com/)" "www.markthreeownersclub.com"
167.114.157.181 - - [18/Nov/2022:14:29:30 -0800] "GET /update/url.php?url=https://www.phpmyadmin.net/&lang=en&token=913b863f3fb8e8a7f9031dda9ceba00e HTTP/1.1" 200 7540 "-" "Mozilla/5.0 (compatible; MJ12bot/v1.4.8; http://mj12bot.com/)" "www.markthreeownersclub.com"
